{"id":9064,"date":"2025-01-07T21:13:39","date_gmt":"2025-01-07T20:13:39","guid":{"rendered":"https:\/\/www.austriaguides.tirol\/?post_type=tribe_events&#038;p=9064"},"modified":"2025-01-22T09:29:18","modified_gmt":"2025-01-22T08:29:18","slug":"michael-gaismair","status":"publish","type":"tribe_events","link":"https:\/\/www.austriaguides.tirol\/it\/veranstaltung\/michael-gaismair\/","title":{"rendered":"\u201eMichael Gaismair und die Bauernrevolte 1525\u201c"},"content":{"rendered":"<p>[et_pb_section fb_built=&#8221;1&#8243; admin_label=&#8221;section&#8221; _builder_version=&#8221;4.16&#8243; global_colors_info=&#8221;{}&#8221;][et_pb_row admin_label=&#8221;row&#8221; _builder_version=&#8221;4.19.5&#8243; background_size=&#8221;initial&#8221; background_position=&#8221;top_left&#8221; background_repeat=&#8221;repeat&#8221; width=&#8221;100%&#8221; global_colors_info=&#8221;{}&#8221;][et_pb_column type=&#8221;4_4&#8243; _builder_version=&#8221;4.16&#8243; custom_padding=&#8221;|||&#8221; global_colors_info=&#8221;{}&#8221; custom_padding__hover=&#8221;|||&#8221;][et_pb_text admin_label=&#8221;Text&#8221; _builder_version=&#8221;4.19.5&#8243; background_size=&#8221;initial&#8221; background_position=&#8221;top_left&#8221; background_repeat=&#8221;repeat&#8221; hover_enabled=&#8221;0&#8243; global_colors_info=&#8221;{}&#8221; sticky_enabled=&#8221;0&#8243;]<\/p>\n<p><strong>Michael Gaismair und die Bauernrevolte 1525<\/strong><\/p>\n<p>W\u00e4hrend Andreas Hofer und der Tiroler Freiheitskampf von 1809 in der Erinnerungskultur des Landes omnipr\u00e4sent und identit\u00e4tsstiftend sind, wurde Michael Gaismair \u00fcber Jahrhunderte totgeschwiegen; erst in den letzten Jahrzehnten haben sich die Geschichtswissenschaft und in deren Folge auch die \u00d6ffentlichkeit mit dieser Tiroler Pers\u00f6nlichkeit st\u00e4rker auseinandergesetzt und dem Bauernf\u00fchrer den ihm geb\u00fchrenden Platz in der Tiroler Geschichte zuerkannt.<\/p>\n<p>Diese &#8220;damnatio memoriae&#8221; hat ihren Grund darin, dass Michael Gaismair im Unterschied zu Andreas Hofer die bestehende Ordnung, repr\u00e4sentiert durch das habsburgische Herrscherhaus und die katholische Kirche, radikal in Frage stellte und eine g\u00e4nzlich neue und f\u00fcr die damalige Zeit revolution\u00e4re Gesellschaftsutopie entwarf. Dies machte ihn in den Augen der Herrschenden zur Unperson und f\u00fchrte schlie\u00dflich auch zu seiner Ermordung.<\/p>\n<p>Der Direktor des Tiroler Landesarchivs wird uns in die Zeit und das Geschehen 1525 einf\u00fchren, basierend auf seinem Vortrag f\u00fcr unsere S\u00fcdtiroler KollegInnen, und auch einge historische Quellen pr\u00e4sentieren.<\/p>\n<p>Der Tagungsband des 1976 am Grillhof stattgefundenen internationalen Symposiums (inkl. separater Kartenbeilage) kann zum Sonderpreis von 5 \u20ac erworben werden.<\/p>\n<p>Das Titelbild ist ein Historiengem\u00e4lde von Gaismair am Brixner Rathaus. (Quelle: Christoph Haidacher)<\/p>\n<p><strong>Titel: Michael Gaismair und die Bauernrevolte 1525<br \/>\n<\/strong><\/p>\n<p><strong>Termin:<\/strong> 27.2.2025 um 17:30 &#8211; 19:00<br \/>\n<strong>Treffpunkt:<\/strong> Vor dem Landesarchiv, Innsbruck um 17:20<br \/>\n<strong>Referent: <\/strong>Landesarchivdirektor, Dr. Christoph Haidacher<br \/>\n<strong>Dauer:<\/strong> ca. 1,5 Stunden<br \/>\n<strong>Max. TeilnehmerInnenzahl:<\/strong> max. 30 Personen. Ausschlie\u00dflich f\u00fcr TaT Mitglieder.<br \/>\n<strong>Anmeldeschluss: <\/strong>26.2.2025 um 12:00 Uhr<\/p>\n<div id=\"attachment_9069\" style=\"width: 221px\" class=\"wp-caption alignnone\"><img loading=\"lazy\" decoding=\"async\" aria-describedby=\"caption-attachment-9069\" class=\"size-medium wp-image-9069\" src=\"https:\/\/www.austriaguides.tirol\/wp-content\/uploads\/2025\/01\/Gaismair-2-211x300.jpg\" alt=\"\" width=\"211\" height=\"300\" \/><p id=\"caption-attachment-9069\" class=\"wp-caption-text\">Bild von Christoph Haidacher. Tagungsband mit Schriftzug Gaismairs<\/p><\/div>\n<p>[\/et_pb_text][\/et_pb_column][\/et_pb_row][\/et_pb_section]<\/p>\n","protected":false},"excerpt":{"rendered":"<p>[et_pb_section fb_built=&#8221;1&#8243; admin_label=&#8221;section&#8221; _builder_version=&#8221;4.16&#8243; global_colors_info=&#8221;{}&#8221;][et_pb_row admin_label=&#8221;row&#8221; _builder_version=&#8221;4.19.5&#8243; background_size=&#8221;initial&#8221; background_position=&#8221;top_left&#8221; background_repeat=&#8221;repeat&#8221; width=&#8221;100%&#8221; global_colors_info=&#8221;{}&#8221;][et_pb_column type=&#8221;4_4&#8243; _builder_version=&#8221;4.16&#8243; custom_padding=&#8221;|||&#8221; global_colors_info=&#8221;{}&#8221; custom_padding__hover=&#8221;|||&#8221;][et_pb_text admin_label=&#8221;Text&#8221; _builder_version=&#8221;4.19.5&#8243; background_size=&#8221;initial&#8221; background_position=&#8221;top_left&#8221; background_repeat=&#8221;repeat&#8221; hover_enabled=&#8221;0&#8243; global_colors_info=&#8221;{}&#8221; sticky_enabled=&#8221;0&#8243;] Michael Gaismair und die Bauernrevolte [&hellip;]<\/p>\n","protected":false},"author":1328,"featured_media":9065,"template":"","meta":{"_et_pb_use_builder":"off","_et_pb_old_content":"","_et_gb_content_width":"","_tribe_events_status":"","_tribe_events_status_reason":"","_tribe_events_is_hybrid":"","_tribe_events_is_virtual":"","_tribe_events_virtual_video_source":"","_tribe_events_virtual_embed_video":"","_tribe_events_virtual_linked_button_text":"","_tribe_events_virtual_linked_button":"","_tribe_events_virtual_show_embed_at":"","_tribe_events_virtual_show_embed_to":[],"_tribe_events_virtual_show_on_event":"","_tribe_events_virtual_show_on_views":"","_tribe_events_virtual_url":"","footnotes":""},"tags":[],"tribe_events_cat":[42],"class_list":["post-9064","tribe_events","type-tribe_events","status-publish","has-post-thumbnail","hentry","tribe_events_cat-intern","cat_intern"],"_links":{"self":[{"href":"https:\/\/www.austriaguides.tirol\/it\/wp-json\/wp\/v2\/tribe_events\/9064","targetHints":{"allow":["GET"]}}],"collection":[{"href":"https:\/\/www.austriaguides.tirol\/it\/wp-json\/wp\/v2\/tribe_events"}],"about":[{"href":"https:\/\/www.austriaguides.tirol\/it\/wp-json\/wp\/v2\/types\/tribe_events"}],"author":[{"embeddable":true,"href":"https:\/\/www.austriaguides.tirol\/it\/wp-json\/wp\/v2\/users\/1328"}],"version-history":[{"count":0,"href":"https:\/\/www.austriaguides.tirol\/it\/wp-json\/wp\/v2\/tribe_events\/9064\/revisions"}],"wp:featuredmedia":[{"embeddable":true,"href":"https:\/\/www.austriaguides.tirol\/it\/wp-json\/wp\/v2\/media\/9065"}],"wp:attachment":[{"href":"https:\/\/www.austriaguides.tirol\/it\/wp-json\/wp\/v2\/media?parent=9064"}],"wp:term":[{"taxonomy":"post_tag","embeddable":true,"href":"https:\/\/www.austriaguides.tirol\/it\/wp-json\/wp\/v2\/tags?post=9064"},{"taxonomy":"tribe_events_cat","embeddable":true,"href":"https:\/\/www.austriaguides.tirol\/it\/wp-json\/wp\/v2\/tribe_events_cat?post=9064"}],"curies":[{"name":"wp","href":"https:\/\/api.w.org\/{rel}","templated":true}]}}

<p>[et_pb_section fb_built=&#8221;1&#8243; admin_label=&#8221;section&#8221; _builder_version=&#8221;4.16&#8243; global_colors_info=&#8221;{}&#8221;][et_pb_row admin_label=&#8221;row&#8221; _builder_version=&#8221;4.19.5&#8243; background_size=&#8221;initial&#8221; background_position=&#8221;top_left&#8221; background_repeat=&#8221;repeat&#8221; width=&#8221;100%&#8221; global_colors_info=&#8221;{}&#8221;][et_pb_column type=&#8221;4_4&#8243; _builder_version=&#8221;4.16&#8243; custom_padding=&#8221;|||&#8221; global_colors_info=&#8221;{}&#8221; custom_padding__hover=&#8221;|||&#8221;][et_pb_text admin_label=&#8221;Text&#8221; _builder_version=&#8221;4.19.5&#8243; background_size=&#8221;initial&#8221; background_position=&#8221;top_left&#8221; background_repeat=&#8221;repeat&#8221; hover_enabled=&#8221;0&#8243; global_colors_info=&#8221;{}&#8221; sticky_enabled=&#8221;0&#8243;]</p>
<p><strong>Michael Gaismair und die Bauernrevolte 1525</strong></p>
<p>Während Andreas Hofer und der Tiroler Freiheitskampf von 1809 in der Erinnerungskultur des Landes omnipräsent und identitätsstiftend sind, wurde Michael Gaismair über Jahrhunderte totgeschwiegen; erst in den letzten Jahrzehnten haben sich die Geschichtswissenschaft und in deren Folge auch die Öffentlichkeit mit dieser Tiroler Persönlichkeit stärker auseinandergesetzt und dem Bauernführer den ihm gebührenden Platz in der Tiroler Geschichte zuerkannt.</p>
<p>Diese &#8220;damnatio memoriae&#8221; hat ihren Grund darin, dass Michael Gaismair im Unterschied zu Andreas Hofer die bestehende Ordnung, repräsentiert durch das habsburgische Herrscherhaus und die katholische Kirche, radikal in Frage stellte und eine gänzlich neue und für die damalige Zeit revolutionäre Gesellschaftsutopie entwarf. Dies machte ihn in den Augen der Herrschenden zur Unperson und führte schließlich auch zu seiner Ermordung.</p>
<p>Der Direktor des Tiroler Landesarchivs wird uns in die Zeit und das Geschehen 1525 einführen, basierend auf seinem Vortrag für unsere Südtiroler KollegInnen, und auch einge historische Quellen präsentieren.</p>
<p>Der Tagungsband des 1976 am Grillhof stattgefundenen internationalen Symposiums (inkl. separater Kartenbeilage) kann zum Sonderpreis von 5 € erworben werden.</p>
<p>Das Titelbild ist ein Historiengemälde von Gaismair am Brixner Rathaus. (Quelle: Christoph Haidacher)</p>
<p><strong>Titel: Michael Gaismair und die Bauernrevolte 1525<br />
</strong></p>
<p><strong>Termin:</strong> 27.2.2025 um 17:30 &#8211; 19:00<br />
<strong>Treffpunkt:</strong> Vor dem Landesarchiv, Innsbruck um 17:20<br />
<strong>Referent: </strong>Landesarchivdirektor, Dr. Christoph Haidacher<br />
<strong>Dauer:</strong> ca. 1,5 Stunden<br />
<strong>Max. TeilnehmerInnenzahl:</strong> max. 30 Personen. Ausschließlich für TaT Mitglieder.<br />
<strong>Anmeldeschluss: </strong>26.2.2025 um 12:00 Uhr</p>
<div id="attachment_9069" style="width: 221px" class="wp-caption alignnone"><img loading="lazy" decoding="async" aria-describedby="caption-attachment-9069" class="size-medium wp-image-9069" src="https://www.austriaguides.tirol/wp-content/uploads/2025/01/Gaismair-2-211x300.jpg" alt="" width="211" height="300" /><p id="caption-attachment-9069" class="wp-caption-text">Bild von Christoph Haidacher. Tagungsband mit Schriftzug Gaismairs</p></div>
<p>[/et_pb_text][/et_pb_column][/et_pb_row][/et_pb_section]</p>
