{"id":8914,"date":"2024-06-26T19:00:35","date_gmt":"2024-06-26T17:00:35","guid":{"rendered":"https:\/\/www.austriaguides.tirol\/?post_type=tribe_events&#038;p=8914"},"modified":"2024-06-26T19:15:19","modified_gmt":"2024-06-26T17:15:19","slug":"von-kanalraeumern-und-totengraebern","status":"publish","type":"tribe_events","link":"https:\/\/www.austriaguides.tirol\/it\/veranstaltung\/von-kanalraeumern-und-totengraebern\/","title":{"rendered":"\u201eVon Kanalr\u00e4umern und Totengr\u00e4bern\u201c"},"content":{"rendered":"<p>[et_pb_section fb_built=&#8221;1&#8243; admin_label=&#8221;section&#8221; _builder_version=&#8221;4.16&#8243; global_colors_info=&#8221;{}&#8221;][et_pb_row admin_label=&#8221;row&#8221; _builder_version=&#8221;4.19.5&#8243; background_size=&#8221;initial&#8221; background_position=&#8221;top_left&#8221; background_repeat=&#8221;repeat&#8221; width=&#8221;100%&#8221; global_colors_info=&#8221;{}&#8221;][et_pb_column type=&#8221;4_4&#8243; _builder_version=&#8221;4.16&#8243; custom_padding=&#8221;|||&#8221; global_colors_info=&#8221;{}&#8221; custom_padding__hover=&#8221;|||&#8221;][et_pb_text admin_label=&#8221;Text&#8221; _builder_version=&#8221;4.19.5&#8243; background_size=&#8221;initial&#8221; background_position=&#8221;top_left&#8221; background_repeat=&#8221;repeat&#8221; hover_enabled=&#8221;0&#8243; global_colors_info=&#8221;{}&#8221; sticky_enabled=&#8221;0&#8243;]<\/p>\n<p><strong>Von Kanalr\u00e4umern und Totengr\u00e4bern &#8211; Arch\u00e4ologie in Innsbruck und Umgebung<\/strong><\/p>\n<p>Bei dieser Fortbildungsveranstaltung wird Fr. Mag. Nutz \u00fcber die Ergebnisse von Grabungen im Raum Innsbruck berichten. Die WK Tirol stellt uns daf\u00fcr einen Seminarraum zur Verf\u00fcgung.<\/p>\n<p>Im Zuge von Bauarbeiten in Innsbruck und Umgebung wurden einige arch\u00e4ologische Ausgrabungen durchgef\u00fchrt. Im Bereich von Wilten kam der Einlauf von der Sill in den Sillkanal und dessen Beginn, sowie Reste des Holzwehrs vom Anfang des 16. Jahrhunderts zutage. Es zeigte sich, dass das alte Wehr aus einem sauber errichteten Holzbau bestand, dessen Reste sich erhalten hatten. Die vom Wasser des Sillkanals gespeisten Ritschen (Kanalisation), die bis Ende des 19. Jahrhunderts in Gebrauch waren sind in der gesamten Altstadt zu finden. Der im Mittelalter erbaute Sillkanal (auch \u201ekleine Sill\u201c genannt) verlief einst von Wilten \u00fcber die heutige Adamgasse, weiter entlang der Sillgasse Richtung Zeughaus, wo er wieder in die Sill eingeleitet wurde. Durch die Bauarbeiten im Bereich des Doms konnten Gr\u00e4ber des ehemaligen mittelalterliche Stadtfriedhofs untersucht werden und bei Grabungen bei der Ottoburg und dem Stiftskeller wurden Reste der alten Stadtmauer und des Stadtgrabens freigelegt. Die arch\u00e4ologischen Ausgrabungen erfolgten durch die Firma ARDIS GmbH. Diese Pr\u00e4sentation folgt dem Weg des Wassers vom Sillfall bis zum Ende des Sillkanals, gibt Einblicke in die Bauweisen von Wehr, Kanalisation und Sillkanal und erz\u00e4hlt vom Glauben, Leben, Leiden und Sterben der Innsbrucker B\u00fcrger des 14. bis 16. Jahrhunderts.<\/p>\n<p><strong>Titel: <\/strong><strong>Von Kanalr\u00e4umern und Totengr\u00e4bern &#8211; Arch\u00e4ologie in Innsbruck und Umgebung<\/strong><\/p>\n<p><strong>Termin:<\/strong> 14.10.2024 um 16:00 &#8211; 17:30<br \/>\n<strong>Treffpunkt:<\/strong> Wirtschaftskammer Tirol, <span class=\"LrzXr\">Wilhelm-Greil-Stra\u00dfe 7, 6020 Innsbruck<\/span>. Foyer 15:50<br \/>\n<strong>Referentin: <\/strong>Mag. Beatrix Nutz, Ardis GmbH<\/p>\n<p><strong>Dauer:<\/strong> ca. 1,5 Stunden<br \/>\n<strong>Max. TeilnehmerInnenzahl:<\/strong> max. 35 Personen. Ausschlie\u00dflich f\u00fcr TaT Mitglieder.<br \/>\n<strong>Anmeldeschluss: <\/strong>13.10.2024 um 12:00 Uhr<\/p>\n<div id=\"attachment_8923\" style=\"width: 310px\" class=\"wp-caption alignnone\"><img loading=\"lazy\" decoding=\"async\" aria-describedby=\"caption-attachment-8923\" class=\"size-medium wp-image-8923\" src=\"https:\/\/www.austriaguides.tirol\/wp-content\/uploads\/2024\/06\/Sillwehr-002-300x121.jpg\" alt=\"\" width=\"300\" height=\"121\" \/><p id=\"caption-attachment-8923\" class=\"wp-caption-text\">Bild: Ardis GmbH<\/p><\/div>\n<div id=\"attachment_8915\" style=\"width: 132px\" class=\"wp-caption alignnone\"><img loading=\"lazy\" decoding=\"async\" aria-describedby=\"caption-attachment-8915\" class=\"wp-image-8915 size-medium\" src=\"https:\/\/www.austriaguides.tirol\/wp-content\/uploads\/2024\/06\/Grab-274-002-122x300.jpg\" alt=\"\" width=\"122\" height=\"300\" \/><p id=\"caption-attachment-8915\" class=\"wp-caption-text\">Bild: Ardis GmbH<\/p><\/div>\n<p>[\/et_pb_text][\/et_pb_column][\/et_pb_row][\/et_pb_section]<\/p>\n","protected":false},"excerpt":{"rendered":"<p>[et_pb_section fb_built=&#8221;1&#8243; admin_label=&#8221;section&#8221; _builder_version=&#8221;4.16&#8243; global_colors_info=&#8221;{}&#8221;][et_pb_row admin_label=&#8221;row&#8221; _builder_version=&#8221;4.19.5&#8243; background_size=&#8221;initial&#8221; background_position=&#8221;top_left&#8221; background_repeat=&#8221;repeat&#8221; width=&#8221;100%&#8221; global_colors_info=&#8221;{}&#8221;][et_pb_column type=&#8221;4_4&#8243; _builder_version=&#8221;4.16&#8243; custom_padding=&#8221;|||&#8221; global_colors_info=&#8221;{}&#8221; custom_padding__hover=&#8221;|||&#8221;][et_pb_text admin_label=&#8221;Text&#8221; _builder_version=&#8221;4.19.5&#8243; background_size=&#8221;initial&#8221; background_position=&#8221;top_left&#8221; background_repeat=&#8221;repeat&#8221; hover_enabled=&#8221;0&#8243; global_colors_info=&#8221;{}&#8221; sticky_enabled=&#8221;0&#8243;] Von Kanalr\u00e4umern und Totengr\u00e4bern &#8211; [&hellip;]<\/p>\n","protected":false},"author":1328,"featured_media":8919,"template":"","meta":{"_et_pb_use_builder":"","_et_pb_old_content":"","_et_gb_content_width":"","_tribe_events_status":"","_tribe_events_status_reason":"","_tribe_events_is_hybrid":"","_tribe_events_is_virtual":"","_tribe_events_virtual_video_source":"","_tribe_events_virtual_embed_video":"","_tribe_events_virtual_linked_button_text":"","_tribe_events_virtual_linked_button":"","_tribe_events_virtual_show_embed_at":"","_tribe_events_virtual_show_embed_to":[],"_tribe_events_virtual_show_on_event":"","_tribe_events_virtual_show_on_views":"","_tribe_events_virtual_url":"","footnotes":""},"tags":[],"tribe_events_cat":[42],"class_list":["post-8914","tribe_events","type-tribe_events","status-publish","has-post-thumbnail","hentry","tribe_events_cat-intern","cat_intern"],"_links":{"self":[{"href":"https:\/\/www.austriaguides.tirol\/it\/wp-json\/wp\/v2\/tribe_events\/8914","targetHints":{"allow":["GET"]}}],"collection":[{"href":"https:\/\/www.austriaguides.tirol\/it\/wp-json\/wp\/v2\/tribe_events"}],"about":[{"href":"https:\/\/www.austriaguides.tirol\/it\/wp-json\/wp\/v2\/types\/tribe_events"}],"author":[{"embeddable":true,"href":"https:\/\/www.austriaguides.tirol\/it\/wp-json\/wp\/v2\/users\/1328"}],"version-history":[{"count":0,"href":"https:\/\/www.austriaguides.tirol\/it\/wp-json\/wp\/v2\/tribe_events\/8914\/revisions"}],"wp:featuredmedia":[{"embeddable":true,"href":"https:\/\/www.austriaguides.tirol\/it\/wp-json\/wp\/v2\/media\/8919"}],"wp:attachment":[{"href":"https:\/\/www.austriaguides.tirol\/it\/wp-json\/wp\/v2\/media?parent=8914"}],"wp:term":[{"taxonomy":"post_tag","embeddable":true,"href":"https:\/\/www.austriaguides.tirol\/it\/wp-json\/wp\/v2\/tags?post=8914"},{"taxonomy":"tribe_events_cat","embeddable":true,"href":"https:\/\/www.austriaguides.tirol\/it\/wp-json\/wp\/v2\/tribe_events_cat?post=8914"}],"curies":[{"name":"wp","href":"https:\/\/api.w.org\/{rel}","templated":true}]}}

„Von Kanalräumern und Totengräbern“

<p>[et_pb_section fb_built=&#8221;1&#8243; admin_label=&#8221;section&#8221; _builder_version=&#8221;4.16&#8243; global_colors_info=&#8221;{}&#8221;][et_pb_row admin_label=&#8221;row&#8221; _builder_version=&#8221;4.19.5&#8243; background_size=&#8221;initial&#8221; background_position=&#8221;top_left&#8221; background_repeat=&#8221;repeat&#8221; width=&#8221;100%&#8221; global_colors_info=&#8221;{}&#8221;][et_pb_column type=&#8221;4_4&#8243; _builder_version=&#8221;4.16&#8243; custom_padding=&#8221;|||&#8221; global_colors_info=&#8221;{}&#8221; custom_padding__hover=&#8221;|||&#8221;][et_pb_text admin_label=&#8221;Text&#8221; _builder_version=&#8221;4.19.5&#8243; background_size=&#8221;initial&#8221; background_position=&#8221;top_left&#8221; background_repeat=&#8221;repeat&#8221; hover_enabled=&#8221;0&#8243; global_colors_info=&#8221;{}&#8221; sticky_enabled=&#8221;0&#8243;]</p>
<p><strong>Von Kanalräumern und Totengräbern &#8211; Archäologie in Innsbruck und Umgebung</strong></p>
<p>Bei dieser Fortbildungsveranstaltung wird Fr. Mag. Nutz über die Ergebnisse von Grabungen im Raum Innsbruck berichten. Die WK Tirol stellt uns dafür einen Seminarraum zur Verfügung.</p>
<p>Im Zuge von Bauarbeiten in Innsbruck und Umgebung wurden einige archäologische Ausgrabungen durchgeführt. Im Bereich von Wilten kam der Einlauf von der Sill in den Sillkanal und dessen Beginn, sowie Reste des Holzwehrs vom Anfang des 16. Jahrhunderts zutage. Es zeigte sich, dass das alte Wehr aus einem sauber errichteten Holzbau bestand, dessen Reste sich erhalten hatten. Die vom Wasser des Sillkanals gespeisten Ritschen (Kanalisation), die bis Ende des 19. Jahrhunderts in Gebrauch waren sind in der gesamten Altstadt zu finden. Der im Mittelalter erbaute Sillkanal (auch „kleine Sill“ genannt) verlief einst von Wilten über die heutige Adamgasse, weiter entlang der Sillgasse Richtung Zeughaus, wo er wieder in die Sill eingeleitet wurde. Durch die Bauarbeiten im Bereich des Doms konnten Gräber des ehemaligen mittelalterliche Stadtfriedhofs untersucht werden und bei Grabungen bei der Ottoburg und dem Stiftskeller wurden Reste der alten Stadtmauer und des Stadtgrabens freigelegt. Die archäologischen Ausgrabungen erfolgten durch die Firma ARDIS GmbH. Diese Präsentation folgt dem Weg des Wassers vom Sillfall bis zum Ende des Sillkanals, gibt Einblicke in die Bauweisen von Wehr, Kanalisation und Sillkanal und erzählt vom Glauben, Leben, Leiden und Sterben der Innsbrucker Bürger des 14. bis 16. Jahrhunderts.</p>
<p><strong>Titel: </strong><strong>Von Kanalräumern und Totengräbern &#8211; Archäologie in Innsbruck und Umgebung</strong></p>
<p><strong>Termin:</strong> 14.10.2024 um 16:00 &#8211; 17:30<br />
<strong>Treffpunkt:</strong> Wirtschaftskammer Tirol, <span class="LrzXr">Wilhelm-Greil-Straße 7, 6020 Innsbruck</span>. Foyer 15:50<br />
<strong>Referentin: </strong>Mag. Beatrix Nutz, Ardis GmbH</p>
<p><strong>Dauer:</strong> ca. 1,5 Stunden<br />
<strong>Max. TeilnehmerInnenzahl:</strong> max. 35 Personen. Ausschließlich für TaT Mitglieder.<br />
<strong>Anmeldeschluss: </strong>13.10.2024 um 12:00 Uhr</p>
<div id="attachment_8923" style="width: 310px" class="wp-caption alignnone"><img loading="lazy" decoding="async" aria-describedby="caption-attachment-8923" class="size-medium wp-image-8923" src="https://www.austriaguides.tirol/wp-content/uploads/2024/06/Sillwehr-002-300x121.jpg" alt="" width="300" height="121" /><p id="caption-attachment-8923" class="wp-caption-text">Bild: Ardis GmbH</p></div>
<div id="attachment_8915" style="width: 132px" class="wp-caption alignnone"><img loading="lazy" decoding="async" aria-describedby="caption-attachment-8915" class="wp-image-8915 size-medium" src="https://www.austriaguides.tirol/wp-content/uploads/2024/06/Grab-274-002-122x300.jpg" alt="" width="122" height="300" /><p id="caption-attachment-8915" class="wp-caption-text">Bild: Ardis GmbH</p></div>
<p>[/et_pb_text][/et_pb_column][/et_pb_row][/et_pb_section]</p>

<p>[et_pb_section fb_built=&#8221;1&#8243; admin_label=&#8221;section&#8221; _builder_version=&#8221;4.16&#8243; global_colors_info=&#8221;{}&#8221;][et_pb_row admin_label=&#8221;row&#8221; _builder_version=&#8221;4.19.5&#8243; background_size=&#8221;initial&#8221; background_position=&#8221;top_left&#8221; background_repeat=&#8221;repeat&#8221; width=&#8221;100%&#8221; global_colors_info=&#8221;{}&#8221;][et_pb_column type=&#8221;4_4&#8243; _builder_version=&#8221;4.16&#8243; custom_padding=&#8221;|||&#8221; global_colors_info=&#8221;{}&#8221; custom_padding__hover=&#8221;|||&#8221;][et_pb_text admin_label=&#8221;Text&#8221; _builder_version=&#8221;4.19.5&#8243; background_size=&#8221;initial&#8221; background_position=&#8221;top_left&#8221; background_repeat=&#8221;repeat&#8221; hover_enabled=&#8221;0&#8243; global_colors_info=&#8221;{}&#8221; sticky_enabled=&#8221;0&#8243;] Von Kanalräumern und Totengräbern &#8211; [&hellip;]</p>
