{"id":4249,"date":"2007-10-11T00:00:00","date_gmt":"2007-10-10T22:00:00","guid":{"rendered":"https:\/\/2022.itf-tirol-guides.at\/veranstaltungen\/kulturwandern-auf-den-spuren-von-oswald-von-wolkenstein-11-10-2007\/"},"modified":"2022-12-09T00:08:40","modified_gmt":"2022-12-08T23:08:40","slug":"kulturwandern-auf-den-spuren-von-oswald-von-wolkenstein-11-10-2007","status":"publish","type":"tribe_events","link":"https:\/\/www.austriaguides.tirol\/it\/veranstaltung\/kulturwandern-auf-den-spuren-von-oswald-von-wolkenstein-11-10-2007\/","title":{"rendered":"Kulturwandern auf den Spuren von Oswald von Wolkenstein &#8211; 11.10.2007"},"content":{"rendered":"<p>Bei strahlendem Herbstwetter begleitete uns Walter Kircher auf den Spuren von Oswald von Wolkenstein: nach der Besichtigung der beeindruckenden Trostburg f\u00fchrte uns die anschlie\u00dfende Wanderung durch die herrliche Natur- und Kulturlandschaft am Fu\u00dfe des Schlern nach Kastelruth. Das T\u00f6rggelen im Unterfinserhof in Lajen, zu dem die ITF einlud, war der ideale Ausklang eines gelungenen Tages!<\/p>\n","protected":false},"excerpt":{"rendered":"<p>Bei strahlendem Herbstwetter begleitete uns Walter Kircher auf den Spuren von Oswald von Wolkenstein: nach der Besichtigung der beeindruckenden Trostburg f\u00fchrte uns die anschlie\u00dfende Wanderung durch die herrliche Natur- und [&hellip;]<\/p>\n","protected":false},"author":2,"featured_media":0,"template":"","meta":{"_et_pb_use_builder":"","_et_pb_old_content":"","_et_gb_content_width":"","_tribe_events_status":"","_tribe_events_status_reason":"","_tribe_events_is_hybrid":"","_tribe_events_is_virtual":"","_tribe_events_virtual_video_source":"","_tribe_events_virtual_embed_video":"","_tribe_events_virtual_linked_button_text":"","_tribe_events_virtual_linked_button":"","_tribe_events_virtual_show_embed_at":"","_tribe_events_virtual_show_embed_to":[],"_tribe_events_virtual_show_on_event":"","_tribe_events_virtual_show_on_views":"","_tribe_events_virtual_url":"","footnotes":""},"tags":[],"tribe_events_cat":[42],"class_list":["post-4249","tribe_events","type-tribe_events","status-publish","hentry","tribe_events_cat-intern","cat_intern"],"_links":{"self":[{"href":"https:\/\/www.austriaguides.tirol\/it\/wp-json\/wp\/v2\/tribe_events\/4249","targetHints":{"allow":["GET"]}}],"collection":[{"href":"https:\/\/www.austriaguides.tirol\/it\/wp-json\/wp\/v2\/tribe_events"}],"about":[{"href":"https:\/\/www.austriaguides.tirol\/it\/wp-json\/wp\/v2\/types\/tribe_events"}],"author":[{"embeddable":true,"href":"https:\/\/www.austriaguides.tirol\/it\/wp-json\/wp\/v2\/users\/2"}],"version-history":[{"count":0,"href":"https:\/\/www.austriaguides.tirol\/it\/wp-json\/wp\/v2\/tribe_events\/4249\/revisions"}],"wp:attachment":[{"href":"https:\/\/www.austriaguides.tirol\/it\/wp-json\/wp\/v2\/media?parent=4249"}],"wp:term":[{"taxonomy":"post_tag","embeddable":true,"href":"https:\/\/www.austriaguides.tirol\/it\/wp-json\/wp\/v2\/tags?post=4249"},{"taxonomy":"tribe_events_cat","embeddable":true,"href":"https:\/\/www.austriaguides.tirol\/it\/wp-json\/wp\/v2\/tribe_events_cat?post=4249"}],"curies":[{"name":"wp","href":"https:\/\/api.w.org\/{rel}","templated":true}]}}

<p>Bei strahlendem Herbstwetter begleitete uns Walter Kircher auf den Spuren von Oswald von Wolkenstein: nach der Besichtigung der beeindruckenden Trostburg führte uns die anschließende Wanderung durch die herrliche Natur- und Kulturlandschaft am Fuße des Schlern nach Kastelruth. Das Törggelen im Unterfinserhof in Lajen, zu dem die ITF einlud, war der ideale Ausklang eines gelungenen Tages!</p>

<p>Bei strahlendem Herbstwetter begleitete uns Walter Kircher auf den Spuren von Oswald von Wolkenstein: nach der Besichtigung der beeindruckenden Trostburg führte uns die anschließende Wanderung durch die herrliche Natur- und [&hellip;]</p>
