{"id":8469,"date":"2022-04-30T18:35:23","date_gmt":"2022-04-30T16:35:23","guid":{"rendered":"https:\/\/www.austriaguides.tirol\/giornata-mondiale-delle-guide-turistiche\/"},"modified":"2025-12-31T16:08:51","modified_gmt":"2025-12-31T15:08:51","slug":"giornata-mondiale-delle-guide-turistiche","status":"publish","type":"page","link":"https:\/\/www.austriaguides.tirol\/it\/","title":{"rendered":"Giornata Mondiale delle Guide Turistiche"},"content":{"rendered":"<p>[et_pb_section fb_built=&#8221;1&#8243; _builder_version=&#8221;4.16&#8243; global_colors_info=&#8221;{}&#8221;][et_pb_row _builder_version=&#8221;4.16&#8243; background_size=&#8221;initial&#8221; background_position=&#8221;top_left&#8221; background_repeat=&#8221;repeat&#8221; global_colors_info=&#8221;{}&#8221;][et_pb_column type=&#8221;4_4&#8243; _builder_version=&#8221;4.16&#8243; custom_padding=&#8221;|||&#8221; global_colors_info=&#8221;{}&#8221; custom_padding__hover=&#8221;|||&#8221;][et_pb_text disabled_on=&#8221;off|off|off&#8221; _builder_version=&#8221;4.27.4&#8243; background_size=&#8221;initial&#8221; background_position=&#8221;top_left&#8221; background_repeat=&#8221;repeat&#8221; hover_enabled=&#8221;0&#8243; global_colors_info=&#8221;{}&#8221; sticky_enabled=&#8221;0&#8243;]<\/p>\n<h1>Giornata Mondiale delle Guide Turistiche 2026<\/h1>\n<p>L&#8217;associazione TaT \u2013 Team austriaguides Tyrol organizza sabato 21 febbraio 2026 la Giornata annuale dell&#8217;azione &#8220;Giornata mondiale delle guide turistiche&#8221;. Durante l&#8217;intera giornata, le austriaguides del Tirolo offrono circa 60 visite guidate e visite gratuite.<\/p>\n<p>[\/et_pb_text][et_pb_text disabled_on=&#8221;off|off|off&#8221; _builder_version=&#8221;4.24.3&#8243; background_size=&#8221;initial&#8221; background_position=&#8221;top_left&#8221; background_repeat=&#8221;repeat&#8221; custom_padding=&#8221;11px|11px|11px|11px|true|true&#8221; border_radii=&#8221;on|3px|3px|3px|3px&#8221; border_width_all=&#8221;2px&#8221; border_color_all=&#8221;#EC1D23&#8243; global_colors_info=&#8221;{}&#8221;]Le visite sono gratuite \u2013 sono graditi doni volontari \u2013 il ricavato sar\u00e0 devoluto senza detrazioni all&#8217;organizzazione &#8220;Licht ins Dunkel-Soforthilfe Tirol&#8221;. Si prega di registrarsi in anticipo per le singole visite (cliccando sulla rispettiva visita), poich\u00e9 il numero di partecipanti \u00e8 limitato. Se siete interessati a pi\u00f9 visite, notate che ogni visita dura da 60 a 90 minuti.[\/et_pb_text][et_pb_code disabled_on=&#8221;on|on|on&#8221; _builder_version=&#8221;4.24.3&#8243; _module_preset=&#8221;default&#8221; disabled=&#8221;on&#8221; global_colors_info=&#8221;{}&#8221;]<!-- [et_pb_line_break_holder] --><script data-js='tribe-events-view-nonce-data' type='application\/json'>{\"tvn1\":\"6344cc5447\",\"tvn2\":\"\"}<\/script><!-- [et_pb_line_break_holder] --><!-- [et_pb_line_break_holder] --><script data-js='tribe-events-view-nonce-data' type='application\/json'>{\"tvn1\":\"6344cc5447\",\"tvn2\":\"\"}<\/script><!-- [et_pb_line_break_holder] --><!-- [et_pb_line_break_holder] --><script data-js='tribe-events-view-nonce-data' type='application\/json'>{\"tvn1\":\"6344cc5447\",\"tvn2\":\"\"}<\/script><!-- [et_pb_line_break_holder] --><!-- [et_pb_line_break_holder] --><script data-js='tribe-events-view-nonce-data' type='application\/json'>{\"tvn1\":\"6344cc5447\",\"tvn2\":\"\"}<\/script><!-- [et_pb_line_break_holder] --><!-- [et_pb_line_break_holder] --><script data-js='tribe-events-view-nonce-data' type='application\/json'>{\"tvn1\":\"6344cc5447\",\"tvn2\":\"\"}<\/script><!-- [et_pb_line_break_holder] --><!-- [et_pb_line_break_holder] --><script data-js='tribe-events-view-nonce-data' type='application\/json'>{\"tvn1\":\"6344cc5447\",\"tvn2\":\"\"}<\/script><!-- [et_pb_line_break_holder] --><!-- [et_pb_line_break_holder] --><script data-js='tribe-events-view-nonce-data' type='application\/json'>{\"tvn1\":\"6344cc5447\",\"tvn2\":\"\"}<\/script><!-- [et_pb_line_break_holder] --><!-- [et_pb_line_break_holder] --><script data-js='tribe-events-view-nonce-data' type='application\/json'>{\"tvn1\":\"6344cc5447\",\"tvn2\":\"\"}<\/script><!-- [et_pb_line_break_holder] --><!-- [et_pb_line_break_holder] --><script data-js='tribe-events-view-nonce-data' type='application\/json'>{\"tvn1\":\"6344cc5447\",\"tvn2\":\"\"}<\/script><!-- [et_pb_line_break_holder] -->[\/et_pb_code][et_pb_image src=&#8221;https:\/\/www.austriaguides.tirol\/wp-content\/uploads\/2024\/03\/tat_welttag_2024_spenden.jpg&#8221; title_text=&#8221;tat_welttag_2024_spenden&#8221; show_in_lightbox=&#8221;on&#8221; _builder_version=&#8221;4.24.3&#8243; _module_preset=&#8221;default&#8221; global_colors_info=&#8221;{}&#8221;][\/et_pb_image][et_pb_text _builder_version=&#8221;4.24.3&#8243; background_size=&#8221;initial&#8221; background_position=&#8221;top_left&#8221; background_repeat=&#8221;repeat&#8221; global_colors_info=&#8221;{}&#8221;]Giornata Mondiale delle Guide Turistiche 2024[\/et_pb_text][\/et_pb_column][\/et_pb_row][et_pb_row disabled_on=&#8221;on|on|on&#8221; _builder_version=&#8221;4.19.5&#8243; background_size=&#8221;initial&#8221; background_position=&#8221;top_left&#8221; background_repeat=&#8221;repeat&#8221; disabled=&#8221;on&#8221; global_colors_info=&#8221;{}&#8221;][et_pb_column type=&#8221;4_4&#8243; _builder_version=&#8221;4.16&#8243; custom_padding=&#8221;|||&#8221; global_colors_info=&#8221;{}&#8221; custom_padding__hover=&#8221;|||&#8221;][et_pb_text disabled_on=&#8221;off|off|off&#8221; _builder_version=&#8221;4.21.0&#8243; background_size=&#8221;initial&#8221; background_position=&#8221;top_left&#8221; background_repeat=&#8221;repeat&#8221; global_colors_info=&#8221;{}&#8221;][\/et_pb_text][et_pb_button button_text=&#8221; &#8221; _builder_version=&#8221;4.21.0&#8243; _module_preset=&#8221;default&#8221; locked=&#8221;off&#8221; global_colors_info=&#8221;{}&#8221;][\/et_pb_button][\/et_pb_column][\/et_pb_row][\/et_pb_section]<\/p>\n","protected":false},"excerpt":{"rendered":"<p>Giornata Mondiale delle Guide Turistiche 2026 L&#8217;associazione TaT \u2013 Team austriaguides Tyrol organizza sabato 21 febbraio 2026 la Giornata annuale dell&#8217;azione &#8220;Giornata mondiale delle guide turistiche&#8221;. Durante l&#8217;intera giornata, le [&hellip;]<\/p>\n","protected":false},"author":2,"featured_media":0,"parent":0,"menu_order":0,"comment_status":"closed","ping_status":"closed","template":"","meta":{"_et_pb_use_builder":"on","_et_pb_old_content":"","_et_gb_content_width":"","footnotes":""},"class_list":["post-8469","page","type-page","status-publish","hentry"],"_links":{"self":[{"href":"https:\/\/www.austriaguides.tirol\/it\/wp-json\/wp\/v2\/pages\/8469","targetHints":{"allow":["GET"]}}],"collection":[{"href":"https:\/\/www.austriaguides.tirol\/it\/wp-json\/wp\/v2\/pages"}],"about":[{"href":"https:\/\/www.austriaguides.tirol\/it\/wp-json\/wp\/v2\/types\/page"}],"author":[{"embeddable":true,"href":"https:\/\/www.austriaguides.tirol\/it\/wp-json\/wp\/v2\/users\/2"}],"replies":[{"embeddable":true,"href":"https:\/\/www.austriaguides.tirol\/it\/wp-json\/wp\/v2\/comments?post=8469"}],"version-history":[{"count":0,"href":"https:\/\/www.austriaguides.tirol\/it\/wp-json\/wp\/v2\/pages\/8469\/revisions"}],"wp:attachment":[{"href":"https:\/\/www.austriaguides.tirol\/it\/wp-json\/wp\/v2\/media?parent=8469"}],"curies":[{"name":"wp","href":"https:\/\/api.w.org\/{rel}","templated":true}]}}

<p>[et_pb_section fb_built=&#8221;1&#8243; _builder_version=&#8221;4.16&#8243; global_colors_info=&#8221;{}&#8221;][et_pb_row _builder_version=&#8221;4.16&#8243; background_size=&#8221;initial&#8221; background_position=&#8221;top_left&#8221; background_repeat=&#8221;repeat&#8221; global_colors_info=&#8221;{}&#8221;][et_pb_column type=&#8221;4_4&#8243; _builder_version=&#8221;4.16&#8243; custom_padding=&#8221;|||&#8221; global_colors_info=&#8221;{}&#8221; custom_padding__hover=&#8221;|||&#8221;][et_pb_text disabled_on=&#8221;off|off|off&#8221; _builder_version=&#8221;4.27.4&#8243; background_size=&#8221;initial&#8221; background_position=&#8221;top_left&#8221; background_repeat=&#8221;repeat&#8221; hover_enabled=&#8221;0&#8243; global_colors_info=&#8221;{}&#8221; sticky_enabled=&#8221;0&#8243;]</p>
<h1>Giornata Mondiale delle Guide Turistiche 2026</h1>
<p>L&#8217;associazione TaT – Team austriaguides Tyrol organizza sabato 21 febbraio 2026 la Giornata annuale dell&#8217;azione &#8220;Giornata mondiale delle guide turistiche&#8221;. Durante l&#8217;intera giornata, le austriaguides del Tirolo offrono circa 60 visite guidate e visite gratuite.</p>
<p>[/et_pb_text][et_pb_text disabled_on=&#8221;off|off|off&#8221; _builder_version=&#8221;4.24.3&#8243; background_size=&#8221;initial&#8221; background_position=&#8221;top_left&#8221; background_repeat=&#8221;repeat&#8221; custom_padding=&#8221;11px|11px|11px|11px|true|true&#8221; border_radii=&#8221;on|3px|3px|3px|3px&#8221; border_width_all=&#8221;2px&#8221; border_color_all=&#8221;#EC1D23&#8243; global_colors_info=&#8221;{}&#8221;]Le visite sono gratuite – sono graditi doni volontari – il ricavato sarà devoluto senza detrazioni all&#8217;organizzazione &#8220;Licht ins Dunkel-Soforthilfe Tirol&#8221;. Si prega di registrarsi in anticipo per le singole visite (cliccando sulla rispettiva visita), poiché il numero di partecipanti è limitato. Se siete interessati a più visite, notate che ogni visita dura da 60 a 90 minuti.[/et_pb_text][et_pb_code disabled_on=&#8221;on|on|on&#8221; _builder_version=&#8221;4.24.3&#8243; _module_preset=&#8221;default&#8221; disabled=&#8221;on&#8221; global_colors_info=&#8221;{}&#8221;]<!-- [et_pb_line_break_holder] --><script data-js='tribe-events-view-nonce-data' type='application/json'>{"tvn1":"6344cc5447","tvn2":""}</script><!-- [et_pb_line_break_holder] --><!-- [et_pb_line_break_holder] --><script data-js='tribe-events-view-nonce-data' type='application/json'>{"tvn1":"6344cc5447","tvn2":""}</script><!-- [et_pb_line_break_holder] --><!-- [et_pb_line_break_holder] --><script data-js='tribe-events-view-nonce-data' type='application/json'>{"tvn1":"6344cc5447","tvn2":""}</script><!-- [et_pb_line_break_holder] --><!-- [et_pb_line_break_holder] --><script data-js='tribe-events-view-nonce-data' type='application/json'>{"tvn1":"6344cc5447","tvn2":""}</script><!-- [et_pb_line_break_holder] --><!-- [et_pb_line_break_holder] --><script data-js='tribe-events-view-nonce-data' type='application/json'>{"tvn1":"6344cc5447","tvn2":""}</script><!-- [et_pb_line_break_holder] --><!-- [et_pb_line_break_holder] --><script data-js='tribe-events-view-nonce-data' type='application/json'>{"tvn1":"6344cc5447","tvn2":""}</script><!-- [et_pb_line_break_holder] --><!-- [et_pb_line_break_holder] --><script data-js='tribe-events-view-nonce-data' type='application/json'>{"tvn1":"6344cc5447","tvn2":""}</script><!-- [et_pb_line_break_holder] --><!-- [et_pb_line_break_holder] --><script data-js='tribe-events-view-nonce-data' type='application/json'>{"tvn1":"6344cc5447","tvn2":""}</script><!-- [et_pb_line_break_holder] --><!-- [et_pb_line_break_holder] --><script data-js='tribe-events-view-nonce-data' type='application/json'>{"tvn1":"6344cc5447","tvn2":""}</script><!-- [et_pb_line_break_holder] -->[/et_pb_code][et_pb_image src=&#8221;https://www.austriaguides.tirol/wp-content/uploads/2024/03/tat_welttag_2024_spenden.jpg&#8221; title_text=&#8221;tat_welttag_2024_spenden&#8221; show_in_lightbox=&#8221;on&#8221; _builder_version=&#8221;4.24.3&#8243; _module_preset=&#8221;default&#8221; global_colors_info=&#8221;{}&#8221;][/et_pb_image][et_pb_text _builder_version=&#8221;4.24.3&#8243; background_size=&#8221;initial&#8221; background_position=&#8221;top_left&#8221; background_repeat=&#8221;repeat&#8221; global_colors_info=&#8221;{}&#8221;]Giornata Mondiale delle Guide Turistiche 2024[/et_pb_text][/et_pb_column][/et_pb_row][et_pb_row disabled_on=&#8221;on|on|on&#8221; _builder_version=&#8221;4.19.5&#8243; background_size=&#8221;initial&#8221; background_position=&#8221;top_left&#8221; background_repeat=&#8221;repeat&#8221; disabled=&#8221;on&#8221; global_colors_info=&#8221;{}&#8221;][et_pb_column type=&#8221;4_4&#8243; _builder_version=&#8221;4.16&#8243; custom_padding=&#8221;|||&#8221; global_colors_info=&#8221;{}&#8221; custom_padding__hover=&#8221;|||&#8221;][et_pb_text disabled_on=&#8221;off|off|off&#8221; _builder_version=&#8221;4.21.0&#8243; background_size=&#8221;initial&#8221; background_position=&#8221;top_left&#8221; background_repeat=&#8221;repeat&#8221; global_colors_info=&#8221;{}&#8221;][/et_pb_text][et_pb_button button_text=&#8221; &#8221; _builder_version=&#8221;4.21.0&#8243; _module_preset=&#8221;default&#8221; locked=&#8221;off&#8221; global_colors_info=&#8221;{}&#8221;][/et_pb_button][/et_pb_column][/et_pb_row][/et_pb_section]</p>
