{"id":9133,"date":"2025-01-22T12:47:01","date_gmt":"2025-01-22T11:47:01","guid":{"rendered":"https:\/\/www.austriaguides.tirol\/veranstaltung\/welttag-2025-architekturfuehrung-zeitgenoessisches-im-zentrum\/"},"modified":"2025-02-15T02:16:23","modified_gmt":"2025-02-15T01:16:23","slug":"welttag-2025-architekturfuehrung-zeitgenoessisches-im-zentrum","status":"publish","type":"tribe_events","link":"https:\/\/www.austriaguides.tirol\/fr\/veranstaltung\/welttag-2025-architekturfuehrung-zeitgenoessisches-im-zentrum\/","title":{"rendered":"Welttag 2025: Architekturf\u00fchrung: Zeitgen\u00f6ssisches im Zentrum"},"content":{"rendered":"<p>Diese Veranstaltung findet im Rahmen des Welttags der Fremdenf\u00fchrer 2025 statt.<\/p>\n<p>Treffpunkt:<br \/>\nTaT-Infostand vor dem Stadtturm, Innsbruck<\/p>\n<p>Guide:<br \/>\nCristlna Mathoi<\/p>\n","protected":false},"excerpt":{"rendered":"<p>Diese Veranstaltung findet im Rahmen des Welttags der Fremdenf\u00fchrer 2025 statt. Treffpunkt: TaT-Infostand vor dem Stadtturm, Innsbruck Guide: Cristlna Mathoi<\/p>\n","protected":false},"author":2,"featured_media":0,"template":"","meta":{"_et_pb_use_builder":"","_et_pb_old_content":"","_et_gb_content_width":"","_tribe_events_status":"","_tribe_events_status_reason":"","_tribe_events_is_hybrid":"","_tribe_events_is_virtual":"","_tribe_events_virtual_video_source":"","_tribe_events_virtual_embed_video":"","_tribe_events_virtual_linked_button_text":"","_tribe_events_virtual_linked_button":"","_tribe_events_virtual_show_embed_at":"","_tribe_events_virtual_show_embed_to":[],"_tribe_events_virtual_show_on_event":"","_tribe_events_virtual_show_on_views":"","_tribe_events_virtual_url":"","footnotes":""},"tags":[],"tribe_events_cat":[43],"class_list":["post-9133","tribe_events","type-tribe_events","status-publish","hentry","tribe_events_cat-oeffentlich","cat_oeffentlich"],"_links":{"self":[{"href":"https:\/\/www.austriaguides.tirol\/fr\/wp-json\/wp\/v2\/tribe_events\/9133","targetHints":{"allow":["GET"]}}],"collection":[{"href":"https:\/\/www.austriaguides.tirol\/fr\/wp-json\/wp\/v2\/tribe_events"}],"about":[{"href":"https:\/\/www.austriaguides.tirol\/fr\/wp-json\/wp\/v2\/types\/tribe_events"}],"author":[{"embeddable":true,"href":"https:\/\/www.austriaguides.tirol\/fr\/wp-json\/wp\/v2\/users\/2"}],"version-history":[{"count":0,"href":"https:\/\/www.austriaguides.tirol\/fr\/wp-json\/wp\/v2\/tribe_events\/9133\/revisions"}],"wp:attachment":[{"href":"https:\/\/www.austriaguides.tirol\/fr\/wp-json\/wp\/v2\/media?parent=9133"}],"wp:term":[{"taxonomy":"post_tag","embeddable":true,"href":"https:\/\/www.austriaguides.tirol\/fr\/wp-json\/wp\/v2\/tags?post=9133"},{"taxonomy":"tribe_events_cat","embeddable":true,"href":"https:\/\/www.austriaguides.tirol\/fr\/wp-json\/wp\/v2\/tribe_events_cat?post=9133"}],"curies":[{"name":"wp","href":"https:\/\/api.w.org\/{rel}","templated":true}]}}

Welttag 2025: Architekturführung: Zeitgenössisches im Zentrum

<p>Diese Veranstaltung findet im Rahmen des Welttags der Fremdenführer 2025 statt.</p>
<p>Treffpunkt:<br />
TaT-Infostand vor dem Stadtturm, Innsbruck</p>
<p>Guide:<br />
Cristlna Mathoi</p>

<p>Diese Veranstaltung findet im Rahmen des Welttags der Fremdenführer 2025 statt. Treffpunkt: TaT-Infostand vor dem Stadtturm, Innsbruck Guide: Cristlna Mathoi</p>
