{"id":9055,"date":"2024-12-17T12:21:21","date_gmt":"2024-12-17T11:21:21","guid":{"rendered":"https:\/\/www.austriaguides.tirol\/?post_type=tribe_events&#038;p=9055"},"modified":"2025-01-14T16:46:18","modified_gmt":"2025-01-14T15:46:18","slug":"dom-zu-st-jakob","status":"publish","type":"tribe_events","link":"https:\/\/www.austriaguides.tirol\/fr\/veranstaltung\/dom-zu-st-jakob\/","title":{"rendered":"\u201eDer Dom zu St. Jakob in Innsbruck\u201c"},"content":{"rendered":"<p>[et_pb_section fb_built=&#8221;1&#8243; admin_label=&#8221;section&#8221; _builder_version=&#8221;4.16&#8243; global_colors_info=&#8221;{}&#8221;][et_pb_row admin_label=&#8221;row&#8221; _builder_version=&#8221;4.19.5&#8243; background_size=&#8221;initial&#8221; background_position=&#8221;top_left&#8221; background_repeat=&#8221;repeat&#8221; width=&#8221;100%&#8221; global_colors_info=&#8221;{}&#8221;][et_pb_column type=&#8221;4_4&#8243; _builder_version=&#8221;4.16&#8243; custom_padding=&#8221;|||&#8221; global_colors_info=&#8221;{}&#8221; custom_padding__hover=&#8221;|||&#8221;][et_pb_text admin_label=&#8221;Text&#8221; _builder_version=&#8221;4.19.5&#8243; background_size=&#8221;initial&#8221; background_position=&#8221;top_left&#8221; background_repeat=&#8221;repeat&#8221; hover_enabled=&#8221;0&#8243; global_colors_info=&#8221;{}&#8221; sticky_enabled=&#8221;0&#8243;]<\/p>\n<p><strong>F\u00fchrung durch den Dom in Innsbruck<\/strong><\/p>\n<p>Im September feierte der Dom zu St. Jakob in Innsbruck die 300 Jahrfeier seiner Weihe. Rechtzeitig zu diesem Anlass erfolgte die Innenrenovierung des Doms und es erschien ein aktuelles Buch das Neues und Unbekanntes aus seiner Geschichte vorstellte. Am 16. September 2024 hat auch der neue Dompropst Msgr. Jakob B\u00fcrgler sein Amt angetreten. Grund genug f\u00fcr uns, uns wieder einmal einem der wichtigsten Geb\u00e4ude der Stadt und auch zentralem Punkt so vieler Stadtf\u00fchrungen zu n\u00e4hern und uns damit zu besch\u00e4ftigen. <strong>Dompropst B\u00fcrgler wird uns pers\u00f6nlich durch den Dom und die Sakristei f\u00fchren.<\/strong> Wir werden die Balkone begehen und auch einen Einblick in die Mechanik des Silbernen Altars erhalten.<\/p>\n<p>Im Anschluss an die F\u00fchrung l\u00e4dt uns Msgr. B\u00fcrgler in den Pfarrsaal des Doms zu Kaffee und Kuchen ein.<\/p>\n<p><strong>Titel: Der Dom zu St. Jakob in Innsbruck<br \/>\n<\/strong><\/p>\n<p><strong>Termin:<\/strong> 17.1.2025 um 15:00 &#8211; 16:30<br \/>\n<strong>Treffpunkt:<\/strong> Vor dem Dom, Innsbruck um 14:50<br \/>\n<strong>Referent: <\/strong>Dompropst Msgr. Jakob B\u00fcrgler<br \/>\n<strong>Dauer:<\/strong> ca. 1,5 Stunden, anschlie\u00dfend Kaffee und Kuchen<br \/>\n<strong>Max. TeilnehmerInnenzahl:<\/strong> max. 30 Personen. Ausschlie\u00dflich f\u00fcr TaT Mitglieder.<br \/>\n<strong>Anmeldeschluss: <\/strong>16.1.2025 um 12:00 Uhr<\/p>\n<p>[\/et_pb_text][\/et_pb_column][\/et_pb_row][\/et_pb_section]<\/p>\n","protected":false},"excerpt":{"rendered":"<p>[et_pb_section fb_built=&#8221;1&#8243; admin_label=&#8221;section&#8221; _builder_version=&#8221;4.16&#8243; global_colors_info=&#8221;{}&#8221;][et_pb_row admin_label=&#8221;row&#8221; _builder_version=&#8221;4.19.5&#8243; background_size=&#8221;initial&#8221; background_position=&#8221;top_left&#8221; background_repeat=&#8221;repeat&#8221; width=&#8221;100%&#8221; global_colors_info=&#8221;{}&#8221;][et_pb_column type=&#8221;4_4&#8243; _builder_version=&#8221;4.16&#8243; custom_padding=&#8221;|||&#8221; global_colors_info=&#8221;{}&#8221; custom_padding__hover=&#8221;|||&#8221;][et_pb_text admin_label=&#8221;Text&#8221; _builder_version=&#8221;4.19.5&#8243; background_size=&#8221;initial&#8221; background_position=&#8221;top_left&#8221; background_repeat=&#8221;repeat&#8221; hover_enabled=&#8221;0&#8243; global_colors_info=&#8221;{}&#8221; sticky_enabled=&#8221;0&#8243;] F\u00fchrung durch den Dom in [&hellip;]<\/p>\n","protected":false},"author":1328,"featured_media":9056,"template":"","meta":{"_et_pb_use_builder":"","_et_pb_old_content":"","_et_gb_content_width":"","_tribe_events_status":"","_tribe_events_status_reason":"","_tribe_events_is_hybrid":"","_tribe_events_is_virtual":"","_tribe_events_virtual_video_source":"","_tribe_events_virtual_embed_video":"","_tribe_events_virtual_linked_button_text":"","_tribe_events_virtual_linked_button":"","_tribe_events_virtual_show_embed_at":"","_tribe_events_virtual_show_embed_to":[],"_tribe_events_virtual_show_on_event":"","_tribe_events_virtual_show_on_views":"","_tribe_events_virtual_url":"","footnotes":""},"tags":[],"tribe_events_cat":[42],"class_list":["post-9055","tribe_events","type-tribe_events","status-publish","has-post-thumbnail","hentry","tribe_events_cat-intern","cat_intern"],"_links":{"self":[{"href":"https:\/\/www.austriaguides.tirol\/fr\/wp-json\/wp\/v2\/tribe_events\/9055","targetHints":{"allow":["GET"]}}],"collection":[{"href":"https:\/\/www.austriaguides.tirol\/fr\/wp-json\/wp\/v2\/tribe_events"}],"about":[{"href":"https:\/\/www.austriaguides.tirol\/fr\/wp-json\/wp\/v2\/types\/tribe_events"}],"author":[{"embeddable":true,"href":"https:\/\/www.austriaguides.tirol\/fr\/wp-json\/wp\/v2\/users\/1328"}],"version-history":[{"count":0,"href":"https:\/\/www.austriaguides.tirol\/fr\/wp-json\/wp\/v2\/tribe_events\/9055\/revisions"}],"wp:featuredmedia":[{"embeddable":true,"href":"https:\/\/www.austriaguides.tirol\/fr\/wp-json\/wp\/v2\/media\/9056"}],"wp:attachment":[{"href":"https:\/\/www.austriaguides.tirol\/fr\/wp-json\/wp\/v2\/media?parent=9055"}],"wp:term":[{"taxonomy":"post_tag","embeddable":true,"href":"https:\/\/www.austriaguides.tirol\/fr\/wp-json\/wp\/v2\/tags?post=9055"},{"taxonomy":"tribe_events_cat","embeddable":true,"href":"https:\/\/www.austriaguides.tirol\/fr\/wp-json\/wp\/v2\/tribe_events_cat?post=9055"}],"curies":[{"name":"wp","href":"https:\/\/api.w.org\/{rel}","templated":true}]}}

<p>[et_pb_section fb_built=&#8221;1&#8243; admin_label=&#8221;section&#8221; _builder_version=&#8221;4.16&#8243; global_colors_info=&#8221;{}&#8221;][et_pb_row admin_label=&#8221;row&#8221; _builder_version=&#8221;4.19.5&#8243; background_size=&#8221;initial&#8221; background_position=&#8221;top_left&#8221; background_repeat=&#8221;repeat&#8221; width=&#8221;100%&#8221; global_colors_info=&#8221;{}&#8221;][et_pb_column type=&#8221;4_4&#8243; _builder_version=&#8221;4.16&#8243; custom_padding=&#8221;|||&#8221; global_colors_info=&#8221;{}&#8221; custom_padding__hover=&#8221;|||&#8221;][et_pb_text admin_label=&#8221;Text&#8221; _builder_version=&#8221;4.19.5&#8243; background_size=&#8221;initial&#8221; background_position=&#8221;top_left&#8221; background_repeat=&#8221;repeat&#8221; hover_enabled=&#8221;0&#8243; global_colors_info=&#8221;{}&#8221; sticky_enabled=&#8221;0&#8243;]</p>
<p><strong>Führung durch den Dom in Innsbruck</strong></p>
<p>Im September feierte der Dom zu St. Jakob in Innsbruck die 300 Jahrfeier seiner Weihe. Rechtzeitig zu diesem Anlass erfolgte die Innenrenovierung des Doms und es erschien ein aktuelles Buch das Neues und Unbekanntes aus seiner Geschichte vorstellte. Am 16. September 2024 hat auch der neue Dompropst Msgr. Jakob Bürgler sein Amt angetreten. Grund genug für uns, uns wieder einmal einem der wichtigsten Gebäude der Stadt und auch zentralem Punkt so vieler Stadtführungen zu nähern und uns damit zu beschäftigen. <strong>Dompropst Bürgler wird uns persönlich durch den Dom und die Sakristei führen.</strong> Wir werden die Balkone begehen und auch einen Einblick in die Mechanik des Silbernen Altars erhalten.</p>
<p>Im Anschluss an die Führung lädt uns Msgr. Bürgler in den Pfarrsaal des Doms zu Kaffee und Kuchen ein.</p>
<p><strong>Titel: Der Dom zu St. Jakob in Innsbruck<br />
</strong></p>
<p><strong>Termin:</strong> 17.1.2025 um 15:00 &#8211; 16:30<br />
<strong>Treffpunkt:</strong> Vor dem Dom, Innsbruck um 14:50<br />
<strong>Referent: </strong>Dompropst Msgr. Jakob Bürgler<br />
<strong>Dauer:</strong> ca. 1,5 Stunden, anschließend Kaffee und Kuchen<br />
<strong>Max. TeilnehmerInnenzahl:</strong> max. 30 Personen. Ausschließlich für TaT Mitglieder.<br />
<strong>Anmeldeschluss: </strong>16.1.2025 um 12:00 Uhr</p>
<p>[/et_pb_text][/et_pb_column][/et_pb_row][/et_pb_section]</p>

<p>[et_pb_section fb_built=&#8221;1&#8243; admin_label=&#8221;section&#8221; _builder_version=&#8221;4.16&#8243; global_colors_info=&#8221;{}&#8221;][et_pb_row admin_label=&#8221;row&#8221; _builder_version=&#8221;4.19.5&#8243; background_size=&#8221;initial&#8221; background_position=&#8221;top_left&#8221; background_repeat=&#8221;repeat&#8221; width=&#8221;100%&#8221; global_colors_info=&#8221;{}&#8221;][et_pb_column type=&#8221;4_4&#8243; _builder_version=&#8221;4.16&#8243; custom_padding=&#8221;|||&#8221; global_colors_info=&#8221;{}&#8221; custom_padding__hover=&#8221;|||&#8221;][et_pb_text admin_label=&#8221;Text&#8221; _builder_version=&#8221;4.19.5&#8243; background_size=&#8221;initial&#8221; background_position=&#8221;top_left&#8221; background_repeat=&#8221;repeat&#8221; hover_enabled=&#8221;0&#8243; global_colors_info=&#8221;{}&#8221; sticky_enabled=&#8221;0&#8243;] Führung durch den Dom in [&hellip;]</p>
