{"id":7879,"date":"2023-12-22T10:13:06","date_gmt":"2023-12-22T09:13:06","guid":{"rendered":"https:\/\/www.itf-guides.at\/?post_type=tribe_events&#038;p=7879"},"modified":"2024-01-18T16:01:52","modified_gmt":"2024-01-18T15:01:52","slug":"halls-dunkle-vergangenheit-in-der-ns-zeit-2","status":"publish","type":"tribe_events","link":"https:\/\/www.austriaguides.tirol\/fr\/veranstaltung\/halls-dunkle-vergangenheit-in-der-ns-zeit-2\/","title":{"rendered":"Halls dunkle Vergangenheit in der NS-Zeit"},"content":{"rendered":"<p>[et_pb_section fb_built=&#8221;1&#8243; admin_label=&#8221;section&#8221; _builder_version=&#8221;4.16&#8243; global_colors_info=&#8221;{}&#8221;][et_pb_row admin_label=&#8221;row&#8221; _builder_version=&#8221;4.19.5&#8243; background_size=&#8221;initial&#8221; background_position=&#8221;top_left&#8221; background_repeat=&#8221;repeat&#8221; hover_enabled=&#8221;0&#8243; global_colors_info=&#8221;{}&#8221; width=&#8221;100%&#8221; sticky_enabled=&#8221;0&#8243;][et_pb_column type=&#8221;4_4&#8243; _builder_version=&#8221;4.16&#8243; custom_padding=&#8221;|||&#8221; global_colors_info=&#8221;{}&#8221; custom_padding__hover=&#8221;|||&#8221;][et_pb_text admin_label=&#8221;Text&#8221; _builder_version=&#8221;4.16&#8243; background_size=&#8221;initial&#8221; background_position=&#8221;top_left&#8221; background_repeat=&#8221;repeat&#8221; global_colors_info=&#8221;{}&#8221;]<\/p>\n<p><strong>Titel:<\/strong> Halls dunkle Vergangenheit in der NS-Zeit<br \/>\n<strong>Termin:<\/strong> Montag 18.03.2024 um 16:30 Uhr<br \/>\n<strong>Treffpunkt:<\/strong> Haus Nr. 1, Thurnfeldgasse (siehe Lageplan)<br \/>\n<strong>Referent:<\/strong> Dr. Oliver Seifert, Historiker<br \/>\n<strong>Dauer:<\/strong> ca. 2 Stunden (3 Stationen, Fu\u00dfweg zum Haller Friedhof inklusive)<br \/>\n<strong>TeilnehmerInnenzahl:<\/strong> max. 30 Personen<\/p>\n<p><strong>Anmeldeschluss: <\/strong>17.3.2024 um 12:00<\/p>\n<p>Das Formular f\u00fcr die Anmeldung befindet sich weiter unten.<\/p>\n<p>Noch heute finden sich in einer Reihe von beleidigend gemeinten Redewendungen wie &#8220;du geh\u00f6rst nach Hall&#8221; oder &#8220;Hall einfach&#8221; Anspielungen darauf, dass in dieser Stadt eine Institution angesiedelt ist, die im Volksmund abwertend als &#8220;Narrenhaus&#8221;, &#8220;Irrenhaus&#8221;, &#8220;Heilanstalt&#8221; oder als &#8220;Gelbes H\u00e4usl&#8221; bezeichnet wurde und wird. Trotz der Bekanntheit der Institution ist in der \u00d6ffentlichkeit das Wissen um deren Geschichte eher gering. Das dunkelste Kapitel stellte die Zeit des Nationalsozialismus dar. 360 Menschen wurden abtransportiert und ermordet, hunderte \u00fcberlebten den Anstaltsaufenthalt wegen der katastrophalen Verh\u00e4ltnisse nicht. Am Areal des Landeskrankenhauses Hall und am Haller Stadtfriedhof erinnern ein Gedenk- und Informationsort, eine Gedenkmauer f\u00fcr den ehemaligen Anstaltsfriedhof und das Grabmal f\u00fcr die in der NS-Zeit Verstobenen an die Auswirkungen der NS-Schreckensherrschaft auf die PatientInnen der Haller Psychiatrie.<\/p>\n<p>Achtung: Wer fr\u00fcher da ist, kommt ins Park Caf\u00e9 (siehe Lageplan) zum gem\u00fctlichen Austausch unter KollegInnen!<\/p>\n<p>[\/et_pb_text][et_pb_image src=&#8221;https:\/\/www.austriaguides.tirol\/wp-content\/uploads\/2023\/05\/lageplan_hall.jpg&#8221; title_text=&#8221;lageplan_hall&#8221; show_in_lightbox=&#8221;on&#8221; _builder_version=&#8221;4.19.5&#8243; _module_preset=&#8221;default&#8221; global_colors_info=&#8221;{}&#8221;][\/et_pb_image][\/et_pb_column][\/et_pb_row][\/et_pb_section]<\/p>\n","protected":false},"excerpt":{"rendered":"<p>[et_pb_section fb_built=&#8221;1&#8243; admin_label=&#8221;section&#8221; _builder_version=&#8221;4.16&#8243; global_colors_info=&#8221;{}&#8221;][et_pb_row admin_label=&#8221;row&#8221; _builder_version=&#8221;4.19.5&#8243; background_size=&#8221;initial&#8221; background_position=&#8221;top_left&#8221; background_repeat=&#8221;repeat&#8221; hover_enabled=&#8221;0&#8243; global_colors_info=&#8221;{}&#8221; width=&#8221;100%&#8221; sticky_enabled=&#8221;0&#8243;][et_pb_column type=&#8221;4_4&#8243; _builder_version=&#8221;4.16&#8243; custom_padding=&#8221;|||&#8221; global_colors_info=&#8221;{}&#8221; custom_padding__hover=&#8221;|||&#8221;][et_pb_text admin_label=&#8221;Text&#8221; _builder_version=&#8221;4.16&#8243; background_size=&#8221;initial&#8221; background_position=&#8221;top_left&#8221; background_repeat=&#8221;repeat&#8221; global_colors_info=&#8221;{}&#8221;] Titel: Halls dunkle Vergangenheit in [&hellip;]<\/p>\n","protected":false},"author":1328,"featured_media":7597,"template":"","meta":{"_et_pb_use_builder":"","_et_pb_old_content":"","_et_gb_content_width":"","_tribe_events_status":"","_tribe_events_status_reason":"","_tribe_events_is_hybrid":"","_tribe_events_is_virtual":"","_tribe_events_virtual_video_source":"","_tribe_events_virtual_embed_video":"","_tribe_events_virtual_linked_button_text":"","_tribe_events_virtual_linked_button":"","_tribe_events_virtual_show_embed_at":"","_tribe_events_virtual_show_embed_to":[],"_tribe_events_virtual_show_on_event":"","_tribe_events_virtual_show_on_views":"","_tribe_events_virtual_url":"","footnotes":""},"tags":[],"tribe_events_cat":[42],"class_list":["post-7879","tribe_events","type-tribe_events","status-publish","has-post-thumbnail","hentry","tribe_events_cat-intern","cat_intern"],"_links":{"self":[{"href":"https:\/\/www.austriaguides.tirol\/fr\/wp-json\/wp\/v2\/tribe_events\/7879","targetHints":{"allow":["GET"]}}],"collection":[{"href":"https:\/\/www.austriaguides.tirol\/fr\/wp-json\/wp\/v2\/tribe_events"}],"about":[{"href":"https:\/\/www.austriaguides.tirol\/fr\/wp-json\/wp\/v2\/types\/tribe_events"}],"author":[{"embeddable":true,"href":"https:\/\/www.austriaguides.tirol\/fr\/wp-json\/wp\/v2\/users\/1328"}],"version-history":[{"count":0,"href":"https:\/\/www.austriaguides.tirol\/fr\/wp-json\/wp\/v2\/tribe_events\/7879\/revisions"}],"wp:featuredmedia":[{"embeddable":true,"href":"https:\/\/www.austriaguides.tirol\/fr\/wp-json\/wp\/v2\/media\/7597"}],"wp:attachment":[{"href":"https:\/\/www.austriaguides.tirol\/fr\/wp-json\/wp\/v2\/media?parent=7879"}],"wp:term":[{"taxonomy":"post_tag","embeddable":true,"href":"https:\/\/www.austriaguides.tirol\/fr\/wp-json\/wp\/v2\/tags?post=7879"},{"taxonomy":"tribe_events_cat","embeddable":true,"href":"https:\/\/www.austriaguides.tirol\/fr\/wp-json\/wp\/v2\/tribe_events_cat?post=7879"}],"curies":[{"name":"wp","href":"https:\/\/api.w.org\/{rel}","templated":true}]}}

<p>[et_pb_section fb_built=&#8221;1&#8243; admin_label=&#8221;section&#8221; _builder_version=&#8221;4.16&#8243; global_colors_info=&#8221;{}&#8221;][et_pb_row admin_label=&#8221;row&#8221; _builder_version=&#8221;4.19.5&#8243; background_size=&#8221;initial&#8221; background_position=&#8221;top_left&#8221; background_repeat=&#8221;repeat&#8221; hover_enabled=&#8221;0&#8243; global_colors_info=&#8221;{}&#8221; width=&#8221;100%&#8221; sticky_enabled=&#8221;0&#8243;][et_pb_column type=&#8221;4_4&#8243; _builder_version=&#8221;4.16&#8243; custom_padding=&#8221;|||&#8221; global_colors_info=&#8221;{}&#8221; custom_padding__hover=&#8221;|||&#8221;][et_pb_text admin_label=&#8221;Text&#8221; _builder_version=&#8221;4.16&#8243; background_size=&#8221;initial&#8221; background_position=&#8221;top_left&#8221; background_repeat=&#8221;repeat&#8221; global_colors_info=&#8221;{}&#8221;]</p>
<p><strong>Titel:</strong> Halls dunkle Vergangenheit in der NS-Zeit<br />
<strong>Termin:</strong> Montag 18.03.2024 um 16:30 Uhr<br />
<strong>Treffpunkt:</strong> Haus Nr. 1, Thurnfeldgasse (siehe Lageplan)<br />
<strong>Referent:</strong> Dr. Oliver Seifert, Historiker<br />
<strong>Dauer:</strong> ca. 2 Stunden (3 Stationen, Fußweg zum Haller Friedhof inklusive)<br />
<strong>TeilnehmerInnenzahl:</strong> max. 30 Personen</p>
<p><strong>Anmeldeschluss: </strong>17.3.2024 um 12:00</p>
<p>Das Formular für die Anmeldung befindet sich weiter unten.</p>
<p>Noch heute finden sich in einer Reihe von beleidigend gemeinten Redewendungen wie &#8220;du gehörst nach Hall&#8221; oder &#8220;Hall einfach&#8221; Anspielungen darauf, dass in dieser Stadt eine Institution angesiedelt ist, die im Volksmund abwertend als &#8220;Narrenhaus&#8221;, &#8220;Irrenhaus&#8221;, &#8220;Heilanstalt&#8221; oder als &#8220;Gelbes Häusl&#8221; bezeichnet wurde und wird. Trotz der Bekanntheit der Institution ist in der Öffentlichkeit das Wissen um deren Geschichte eher gering. Das dunkelste Kapitel stellte die Zeit des Nationalsozialismus dar. 360 Menschen wurden abtransportiert und ermordet, hunderte überlebten den Anstaltsaufenthalt wegen der katastrophalen Verhältnisse nicht. Am Areal des Landeskrankenhauses Hall und am Haller Stadtfriedhof erinnern ein Gedenk- und Informationsort, eine Gedenkmauer für den ehemaligen Anstaltsfriedhof und das Grabmal für die in der NS-Zeit Verstobenen an die Auswirkungen der NS-Schreckensherrschaft auf die PatientInnen der Haller Psychiatrie.</p>
<p>Achtung: Wer früher da ist, kommt ins Park Café (siehe Lageplan) zum gemütlichen Austausch unter KollegInnen!</p>
<p>[/et_pb_text][et_pb_image src=&#8221;https://www.austriaguides.tirol/wp-content/uploads/2023/05/lageplan_hall.jpg&#8221; title_text=&#8221;lageplan_hall&#8221; show_in_lightbox=&#8221;on&#8221; _builder_version=&#8221;4.19.5&#8243; _module_preset=&#8221;default&#8221; global_colors_info=&#8221;{}&#8221;][/et_pb_image][/et_pb_column][/et_pb_row][/et_pb_section]</p>
