{"id":6432,"date":"2023-01-02T09:41:23","date_gmt":"2023-01-02T08:41:23","guid":{"rendered":"https:\/\/www.itf-guides.at\/veranstaltungen\/themenstadtfuehrung-beben-pest-feuersbruenste\/"},"modified":"2023-02-24T10:31:55","modified_gmt":"2023-02-24T09:31:55","slug":"themenstadtfuehrung-beben-pest-feuersbruenste","status":"publish","type":"tribe_events","link":"https:\/\/www.austriaguides.tirol\/fr\/veranstaltung\/themenstadtfuehrung-beben-pest-feuersbruenste\/","title":{"rendered":"Themenstadtf\u00fchrung &#8211;  Beben, Pest &#038; Feuersbr\u00fcnste"},"content":{"rendered":"<p>Diese Veranstaltung findet im Rahmen des Welttags der Fremdenf\u00fchrer 2023 statt.<\/p>\n<p>Treffpunkt:<br \/>\nTourismusb\u00fcro Hall, Unterer Stadtplatz 19, Hall in Tirol<\/p>\n<p>Guide:<br \/>\nAnita T\u00f6chterle-Graber<\/p>\n","protected":false},"excerpt":{"rendered":"<p>Diese Veranstaltung findet im Rahmen des Welttags der Fremdenf\u00fchrer 2023 statt. Treffpunkt: Tourismusb\u00fcro Hall, Unterer Stadtplatz 19, Hall in Tirol Guide: Anita T\u00f6chterle-Graber<\/p>\n","protected":false},"author":2,"featured_media":0,"template":"","meta":{"_et_pb_use_builder":"","_et_pb_old_content":"","_et_gb_content_width":"","_tribe_events_status":"","_tribe_events_status_reason":"","_tribe_events_is_hybrid":"","_tribe_events_is_virtual":"","_tribe_events_virtual_video_source":"","_tribe_events_virtual_embed_video":"","_tribe_events_virtual_linked_button_text":"","_tribe_events_virtual_linked_button":"","_tribe_events_virtual_show_embed_at":"","_tribe_events_virtual_show_embed_to":[],"_tribe_events_virtual_show_on_event":"","_tribe_events_virtual_show_on_views":"","_tribe_events_virtual_url":"","footnotes":""},"tags":[],"tribe_events_cat":[43],"class_list":["post-6432","tribe_events","type-tribe_events","status-publish","hentry","tribe_events_cat-oeffentlich","cat_oeffentlich"],"_links":{"self":[{"href":"https:\/\/www.austriaguides.tirol\/fr\/wp-json\/wp\/v2\/tribe_events\/6432","targetHints":{"allow":["GET"]}}],"collection":[{"href":"https:\/\/www.austriaguides.tirol\/fr\/wp-json\/wp\/v2\/tribe_events"}],"about":[{"href":"https:\/\/www.austriaguides.tirol\/fr\/wp-json\/wp\/v2\/types\/tribe_events"}],"author":[{"embeddable":true,"href":"https:\/\/www.austriaguides.tirol\/fr\/wp-json\/wp\/v2\/users\/2"}],"version-history":[{"count":0,"href":"https:\/\/www.austriaguides.tirol\/fr\/wp-json\/wp\/v2\/tribe_events\/6432\/revisions"}],"wp:attachment":[{"href":"https:\/\/www.austriaguides.tirol\/fr\/wp-json\/wp\/v2\/media?parent=6432"}],"wp:term":[{"taxonomy":"post_tag","embeddable":true,"href":"https:\/\/www.austriaguides.tirol\/fr\/wp-json\/wp\/v2\/tags?post=6432"},{"taxonomy":"tribe_events_cat","embeddable":true,"href":"https:\/\/www.austriaguides.tirol\/fr\/wp-json\/wp\/v2\/tribe_events_cat?post=6432"}],"curies":[{"name":"wp","href":"https:\/\/api.w.org\/{rel}","templated":true}]}}

Themenstadtführung &#8211;  Beben, Pest &#038; Feuersbrünste

<p>Diese Veranstaltung findet im Rahmen des Welttags der Fremdenführer 2023 statt.</p>
<p>Treffpunkt:<br />
Tourismusbüro Hall, Unterer Stadtplatz 19, Hall in Tirol</p>
<p>Guide:<br />
Anita Töchterle-Graber</p>

<p>Diese Veranstaltung findet im Rahmen des Welttags der Fremdenführer 2023 statt. Treffpunkt: Tourismusbüro Hall, Unterer Stadtplatz 19, Hall in Tirol Guide: Anita Töchterle-Graber</p>
