{"id":4271,"date":"2008-09-24T00:00:00","date_gmt":"2008-09-23T22:00:00","guid":{"rendered":"https:\/\/2022.itf-tirol-guides.at\/veranstaltungen\/besichtigung-eines-islamischen-gebetsraumes-24-09-2008\/"},"modified":"2022-12-09T00:08:42","modified_gmt":"2022-12-08T23:08:42","slug":"besichtigung-eines-islamischen-gebetsraumes-24-09-2008","status":"publish","type":"tribe_events","link":"https:\/\/www.austriaguides.tirol\/fr\/veranstaltung\/besichtigung-eines-islamischen-gebetsraumes-24-09-2008\/","title":{"rendered":"Besichtigung eines islamischen Gebetsraumes &#8211; 24.09.2008"},"content":{"rendered":"<p>Samir Redzepovic, der f\u00fcr Tirol und Vorarlberg zust\u00e4ndige 1. Iman der Islamischen Glaubensgemeinschaft in \u00d6sterreich, l\u00e4dt uns ein einen Gebetsraum in Innsbruck kennen zu lernen und stellt die Grundz\u00fcge des Islam vor. Fragen zur islamischen Glaubensgemeinschaft in Tirol werden gerne beantwortet. Der islamische Gebetsraum befindet sich in Neu Arzl, D\u00f6rrstr. 45 (N\u00e4he Fruchthof), und ist bequem mit der Buslinie E zu erreichen.<\/p>\n","protected":false},"excerpt":{"rendered":"<p>Samir Redzepovic, der f\u00fcr Tirol und Vorarlberg zust\u00e4ndige 1. Iman der Islamischen Glaubensgemeinschaft in \u00d6sterreich, l\u00e4dt uns ein einen Gebetsraum in Innsbruck kennen zu lernen und stellt die Grundz\u00fcge des [&hellip;]<\/p>\n","protected":false},"author":2,"featured_media":0,"template":"","meta":{"_et_pb_use_builder":"","_et_pb_old_content":"","_et_gb_content_width":"","_tribe_events_status":"","_tribe_events_status_reason":"","_tribe_events_is_hybrid":"","_tribe_events_is_virtual":"","_tribe_events_virtual_video_source":"","_tribe_events_virtual_embed_video":"","_tribe_events_virtual_linked_button_text":"","_tribe_events_virtual_linked_button":"","_tribe_events_virtual_show_embed_at":"","_tribe_events_virtual_show_embed_to":[],"_tribe_events_virtual_show_on_event":"","_tribe_events_virtual_show_on_views":"","_tribe_events_virtual_url":"","footnotes":""},"tags":[],"tribe_events_cat":[42],"class_list":["post-4271","tribe_events","type-tribe_events","status-publish","hentry","tribe_events_cat-intern","cat_intern"],"_links":{"self":[{"href":"https:\/\/www.austriaguides.tirol\/fr\/wp-json\/wp\/v2\/tribe_events\/4271","targetHints":{"allow":["GET"]}}],"collection":[{"href":"https:\/\/www.austriaguides.tirol\/fr\/wp-json\/wp\/v2\/tribe_events"}],"about":[{"href":"https:\/\/www.austriaguides.tirol\/fr\/wp-json\/wp\/v2\/types\/tribe_events"}],"author":[{"embeddable":true,"href":"https:\/\/www.austriaguides.tirol\/fr\/wp-json\/wp\/v2\/users\/2"}],"version-history":[{"count":0,"href":"https:\/\/www.austriaguides.tirol\/fr\/wp-json\/wp\/v2\/tribe_events\/4271\/revisions"}],"wp:attachment":[{"href":"https:\/\/www.austriaguides.tirol\/fr\/wp-json\/wp\/v2\/media?parent=4271"}],"wp:term":[{"taxonomy":"post_tag","embeddable":true,"href":"https:\/\/www.austriaguides.tirol\/fr\/wp-json\/wp\/v2\/tags?post=4271"},{"taxonomy":"tribe_events_cat","embeddable":true,"href":"https:\/\/www.austriaguides.tirol\/fr\/wp-json\/wp\/v2\/tribe_events_cat?post=4271"}],"curies":[{"name":"wp","href":"https:\/\/api.w.org\/{rel}","templated":true}]}}

<p>Samir Redzepovic, der für Tirol und Vorarlberg zuständige 1. Iman der Islamischen Glaubensgemeinschaft in Österreich, lädt uns ein einen Gebetsraum in Innsbruck kennen zu lernen und stellt die Grundzüge des Islam vor. Fragen zur islamischen Glaubensgemeinschaft in Tirol werden gerne beantwortet. Der islamische Gebetsraum befindet sich in Neu Arzl, Dörrstr. 45 (Nähe Fruchthof), und ist bequem mit der Buslinie E zu erreichen.</p>

<p>Samir Redzepovic, der für Tirol und Vorarlberg zuständige 1. Iman der Islamischen Glaubensgemeinschaft in Österreich, lädt uns ein einen Gebetsraum in Innsbruck kennen zu lernen und stellt die Grundzüge des [&hellip;]</p>
