{"id":4237,"date":"2007-02-01T00:00:00","date_gmt":"2007-01-31T23:00:00","guid":{"rendered":"https:\/\/2022.itf-tirol-guides.at\/veranstaltungen\/gespraech-mit-der-dechantin-des-adeligen-damenstiftes-1-2-2007\/"},"modified":"2022-12-09T00:08:40","modified_gmt":"2022-12-08T23:08:40","slug":"gespraech-mit-der-dechantin-des-adeligen-damenstiftes-1-2-2007","status":"publish","type":"tribe_events","link":"https:\/\/www.austriaguides.tirol\/fr\/veranstaltung\/gespraech-mit-der-dechantin-des-adeligen-damenstiftes-1-2-2007\/","title":{"rendered":"Gespr\u00e4ch mit der Dechantin des Adeligen Damenstiftes &#8211; 1.2.2007"},"content":{"rendered":"<p>Der monatliche Stammtisch wird ins Sacher verlegt! Dort erz\u00e4hlt uns die Dechantin des Adeligen Damenstiftes, Baronin Bianca von Seyffertitz (Foto rechts), einiges zu Geschichte, Traditionen etc. des Adeligen Damenstiftes. Es ist dies eine einmalige Gelegenheit Einblick in das Leben im Stift zu bekommen! Dieses Gesp\u00e4ch wurde uns von unserer Kollegin Anita Koppelst\u00e4tter erm\u00f6glicht, die auch ein paar Begr\u00fc\u00dfungsworte sprechen wird.<\/p>\n","protected":false},"excerpt":{"rendered":"<p>Der monatliche Stammtisch wird ins Sacher verlegt! Dort erz\u00e4hlt uns die Dechantin des Adeligen Damenstiftes, Baronin Bianca von Seyffertitz (Foto rechts), einiges zu Geschichte, Traditionen etc. des Adeligen Damenstiftes. Es [&hellip;]<\/p>\n","protected":false},"author":2,"featured_media":0,"template":"","meta":{"_et_pb_use_builder":"","_et_pb_old_content":"","_et_gb_content_width":"","_tribe_events_status":"","_tribe_events_status_reason":"","_tribe_events_is_hybrid":"","_tribe_events_is_virtual":"","_tribe_events_virtual_video_source":"","_tribe_events_virtual_embed_video":"","_tribe_events_virtual_linked_button_text":"","_tribe_events_virtual_linked_button":"","_tribe_events_virtual_show_embed_at":"","_tribe_events_virtual_show_embed_to":[],"_tribe_events_virtual_show_on_event":"","_tribe_events_virtual_show_on_views":"","_tribe_events_virtual_url":"","footnotes":""},"tags":[],"tribe_events_cat":[42],"class_list":["post-4237","tribe_events","type-tribe_events","status-publish","hentry","tribe_events_cat-intern","cat_intern"],"_links":{"self":[{"href":"https:\/\/www.austriaguides.tirol\/fr\/wp-json\/wp\/v2\/tribe_events\/4237","targetHints":{"allow":["GET"]}}],"collection":[{"href":"https:\/\/www.austriaguides.tirol\/fr\/wp-json\/wp\/v2\/tribe_events"}],"about":[{"href":"https:\/\/www.austriaguides.tirol\/fr\/wp-json\/wp\/v2\/types\/tribe_events"}],"author":[{"embeddable":true,"href":"https:\/\/www.austriaguides.tirol\/fr\/wp-json\/wp\/v2\/users\/2"}],"version-history":[{"count":0,"href":"https:\/\/www.austriaguides.tirol\/fr\/wp-json\/wp\/v2\/tribe_events\/4237\/revisions"}],"wp:attachment":[{"href":"https:\/\/www.austriaguides.tirol\/fr\/wp-json\/wp\/v2\/media?parent=4237"}],"wp:term":[{"taxonomy":"post_tag","embeddable":true,"href":"https:\/\/www.austriaguides.tirol\/fr\/wp-json\/wp\/v2\/tags?post=4237"},{"taxonomy":"tribe_events_cat","embeddable":true,"href":"https:\/\/www.austriaguides.tirol\/fr\/wp-json\/wp\/v2\/tribe_events_cat?post=4237"}],"curies":[{"name":"wp","href":"https:\/\/api.w.org\/{rel}","templated":true}]}}

Gespräch mit der Dechantin des Adeligen Damenstiftes &#8211; 1.2.2007

<p>Der monatliche Stammtisch wird ins Sacher verlegt! Dort erzählt uns die Dechantin des Adeligen Damenstiftes, Baronin Bianca von Seyffertitz (Foto rechts), einiges zu Geschichte, Traditionen etc. des Adeligen Damenstiftes. Es ist dies eine einmalige Gelegenheit Einblick in das Leben im Stift zu bekommen! Dieses Gespäch wurde uns von unserer Kollegin Anita Koppelstätter ermöglicht, die auch ein paar Begrüßungsworte sprechen wird.</p>

<p>Der monatliche Stammtisch wird ins Sacher verlegt! Dort erzählt uns die Dechantin des Adeligen Damenstiftes, Baronin Bianca von Seyffertitz (Foto rechts), einiges zu Geschichte, Traditionen etc. des Adeligen Damenstiftes. Es [&hellip;]</p>
