{"id":4216,"date":"2020-03-03T00:00:00","date_gmt":"2020-03-02T23:00:00","guid":{"rendered":"https:\/\/2022.itf-tirol-guides.at\/veranstaltungen\/sanierung-trautsonhaus-innsbruck-03-03-2020\/"},"modified":"2022-12-09T00:08:38","modified_gmt":"2022-12-08T23:08:38","slug":"sanierung-trautsonhaus-innsbruck-03-03-2020","status":"publish","type":"tribe_events","link":"https:\/\/www.austriaguides.tirol\/fr\/veranstaltung\/sanierung-trautsonhaus-innsbruck-03-03-2020\/","title":{"rendered":"Sanierung Trautsonhaus Innsbruck &#8211; 03.03.2020"},"content":{"rendered":"<p>Foto: Anton Prock Das Trautsonhaus in neuem Licht: Erkenntnisse aus einer vom Denkmalschutz begleiteten Generalsanierung des Trautsonhauses. Arch\u00e4ologin Mag. Anny Awad berichtet aus erster Hand und in Doppelmission. Bekannt vor allem f\u00fcr Ihre T\u00e4tigkeit in der Haller Stadtarch\u00e4ologie gew\u00e4hrt sie Einblick und Zutritt zu Ihrem Wohnhaus in der Innsbrucker Altstadt.<\/p>\n","protected":false},"excerpt":{"rendered":"<p>Foto: Anton Prock Das Trautsonhaus in neuem Licht: Erkenntnisse aus einer vom Denkmalschutz begleiteten Generalsanierung des Trautsonhauses. Arch\u00e4ologin Mag. Anny Awad berichtet aus erster Hand und in Doppelmission. Bekannt vor [&hellip;]<\/p>\n","protected":false},"author":2,"featured_media":1848,"template":"","meta":{"_et_pb_use_builder":"","_et_pb_old_content":"","_et_gb_content_width":"","_tribe_events_status":"","_tribe_events_status_reason":"","_tribe_events_is_hybrid":"","_tribe_events_is_virtual":"","_tribe_events_virtual_video_source":"","_tribe_events_virtual_embed_video":"","_tribe_events_virtual_linked_button_text":"","_tribe_events_virtual_linked_button":"","_tribe_events_virtual_show_embed_at":"","_tribe_events_virtual_show_embed_to":[],"_tribe_events_virtual_show_on_event":"","_tribe_events_virtual_show_on_views":"","_tribe_events_virtual_url":"","footnotes":""},"tags":[],"tribe_events_cat":[42],"class_list":["post-4216","tribe_events","type-tribe_events","status-publish","has-post-thumbnail","hentry","tribe_events_cat-intern","cat_intern"],"_links":{"self":[{"href":"https:\/\/www.austriaguides.tirol\/fr\/wp-json\/wp\/v2\/tribe_events\/4216","targetHints":{"allow":["GET"]}}],"collection":[{"href":"https:\/\/www.austriaguides.tirol\/fr\/wp-json\/wp\/v2\/tribe_events"}],"about":[{"href":"https:\/\/www.austriaguides.tirol\/fr\/wp-json\/wp\/v2\/types\/tribe_events"}],"author":[{"embeddable":true,"href":"https:\/\/www.austriaguides.tirol\/fr\/wp-json\/wp\/v2\/users\/2"}],"version-history":[{"count":0,"href":"https:\/\/www.austriaguides.tirol\/fr\/wp-json\/wp\/v2\/tribe_events\/4216\/revisions"}],"wp:featuredmedia":[{"embeddable":true,"href":"https:\/\/www.austriaguides.tirol\/fr\/wp-json\/wp\/v2\/media\/1848"}],"wp:attachment":[{"href":"https:\/\/www.austriaguides.tirol\/fr\/wp-json\/wp\/v2\/media?parent=4216"}],"wp:term":[{"taxonomy":"post_tag","embeddable":true,"href":"https:\/\/www.austriaguides.tirol\/fr\/wp-json\/wp\/v2\/tags?post=4216"},{"taxonomy":"tribe_events_cat","embeddable":true,"href":"https:\/\/www.austriaguides.tirol\/fr\/wp-json\/wp\/v2\/tribe_events_cat?post=4216"}],"curies":[{"name":"wp","href":"https:\/\/api.w.org\/{rel}","templated":true}]}}

<p>Foto: Anton Prock Das Trautsonhaus in neuem Licht: Erkenntnisse aus einer vom Denkmalschutz begleiteten Generalsanierung des Trautsonhauses. Archäologin Mag. Anny Awad berichtet aus erster Hand und in Doppelmission. Bekannt vor allem für Ihre Tätigkeit in der Haller Stadtarchäologie gewährt sie Einblick und Zutritt zu Ihrem Wohnhaus in der Innsbrucker Altstadt.</p>

<p>Foto: Anton Prock Das Trautsonhaus in neuem Licht: Erkenntnisse aus einer vom Denkmalschutz begleiteten Generalsanierung des Trautsonhauses. Archäologin Mag. Anny Awad berichtet aus erster Hand und in Doppelmission. Bekannt vor [&hellip;]</p>
