{"id":9973,"date":"2026-01-28T10:09:35","date_gmt":"2026-01-28T09:09:35","guid":{"rendered":"https:\/\/www.austriaguides.tirol\/?post_type=tribe_events&#038;p=9973"},"modified":"2026-01-28T10:09:35","modified_gmt":"2026-01-28T09:09:35","slug":"jakob-huter-und-die-geschichte-der-taeufer-in-tirol-2","status":"publish","type":"tribe_events","link":"https:\/\/www.austriaguides.tirol\/en\/veranstaltung\/jakob-huter-und-die-geschichte-der-taeufer-in-tirol-2\/","title":{"rendered":"\u201eJakob Huter und die Geschichte der T\u00e4ufer in Tirol\u201c"},"content":{"rendered":"<p>[et_pb_section fb_built=&#8221;1&#8243; admin_label=&#8221;section&#8221; _builder_version=&#8221;4.16&#8243; global_colors_info=&#8221;{}&#8221;][et_pb_row admin_label=&#8221;row&#8221; _builder_version=&#8221;4.19.5&#8243; background_size=&#8221;initial&#8221; background_position=&#8221;top_left&#8221; background_repeat=&#8221;repeat&#8221; width=&#8221;100%&#8221; global_colors_info=&#8221;{}&#8221;][et_pb_column type=&#8221;4_4&#8243; _builder_version=&#8221;4.16&#8243; custom_padding=&#8221;|||&#8221; global_colors_info=&#8221;{}&#8221; custom_padding__hover=&#8221;|||&#8221;][et_pb_text admin_label=&#8221;Text&#8221; _builder_version=&#8221;4.19.5&#8243; background_size=&#8221;initial&#8221; background_position=&#8221;top_left&#8221; background_repeat=&#8221;repeat&#8221; hover_enabled=&#8221;0&#8243; global_colors_info=&#8221;{}&#8221; sticky_enabled=&#8221;0&#8243;]<\/p>\n<p><strong>Jakob Huter und die Geschichte der T\u00e4ufer in Tiro<\/strong><strong>l <\/strong><\/p>\n<p>Im Mittelpunkt des Vortrages stehen Jakob Huter, der bedeutendste Vorsteher der T\u00e4ufer, der als M\u00e4rtyrer f\u00fcr seinen Glauben am 25. Februar 1536 am Platz vor dem Goldenen Dachl am Scheiterhaufen starb und die Geschichte der T\u00e4uferbewegung mit besonderem Bezug zu Tirol. Es werden die Gedenkst\u00e4tten in Nord- und S\u00fcdtirol gezeigt und erkl\u00e4rt. Eventuell sind auch weitere Mitglieder des Hutterer Arbeitskreises anwesend und es besteht die Chance eines Gedankenaustausches bzw. die M\u00f6glichkeit, sich \u00fcber die Lebensweise der Hutter heute in Kanada zu informieren.<\/p>\n<p>Es sind im Rahmen der Fortbildung zum Thema &#8220;Hutterer&#8221; im Lauf des Jahres zwei weitere Veranstaltungen geplant. Eine F\u00fchrung durch Innsbruck zu den verschiedenen Gedenkst\u00e4tten und eine Veranstaltung im Tiroler Landesarchiv mit Originaldokumenten. Details dazu werden rechtzeitig bekannt gegeben.<\/p>\n<p><strong>Titel:\u00a0<\/strong><strong>Jakob Huter und die Geschichte der T\u00e4ufer in Tirol<\/strong><\/p>\n<p><strong>Termin:<\/strong> 9.3.2026 um 15:30 &#8211; 17:00<br \/>\n<strong>Treffpunkt:<\/strong> 15:20 im Raum MZG01 der Wirtschaftskammer Tirol, <span class=\"LrzXr\">Wilhelm-Greil-Stra\u00dfe 7, 6020 Innsbruck. Zugang von der Meinhardstra\u00dfe, nach dem Eingang rechts durch die Glast\u00fcr im 1. Zwischengescho\u00df<\/span><br \/>\n<strong>ReferentInnen:<\/strong> Dr. Karola Czernohaus<br \/>\n<strong>Dauer:<\/strong> ca. 1,5 Stunde<br \/>\n<strong>Max. TeilnehmerInnenzahl:<\/strong> max. 30 Personen<br \/>\n<strong>Anmeldeschluss: <\/strong>8.3.2026 um 12:00 Uhr<\/p>\n<div id=\"attachment_8777\" style=\"width: 130px\" class=\"wp-caption alignnone\"><img loading=\"lazy\" decoding=\"async\" aria-describedby=\"caption-attachment-8777\" class=\"size-full wp-image-8777\" src=\"https:\/\/www.austriaguides.tirol\/wp-content\/uploads\/2024\/04\/image001.jpg\" alt=\"\" width=\"120\" height=\"144\" \/><p id=\"caption-attachment-8777\" class=\"wp-caption-text\">Bild: Hutterer Arbeitskreis<\/p><\/div>\n<div id=\"attachment_8773\" style=\"width: 310px\" class=\"wp-caption alignnone\"><img loading=\"lazy\" decoding=\"async\" aria-describedby=\"caption-attachment-8773\" class=\"size-medium wp-image-8773\" src=\"https:\/\/www.austriaguides.tirol\/wp-content\/uploads\/2024\/04\/IMAG1623-300x168.jpg\" alt=\"\" width=\"300\" height=\"168\" \/><p id=\"caption-attachment-8773\" class=\"wp-caption-text\">Bild: Dr. Edi Geisler<\/p><\/div>\n<p>[\/et_pb_text][\/et_pb_column][\/et_pb_row][\/et_pb_section]<\/p>\n","protected":false},"excerpt":{"rendered":"<p>[et_pb_section fb_built=&#8221;1&#8243; admin_label=&#8221;section&#8221; _builder_version=&#8221;4.16&#8243; global_colors_info=&#8221;{}&#8221;][et_pb_row admin_label=&#8221;row&#8221; _builder_version=&#8221;4.19.5&#8243; background_size=&#8221;initial&#8221; background_position=&#8221;top_left&#8221; background_repeat=&#8221;repeat&#8221; width=&#8221;100%&#8221; global_colors_info=&#8221;{}&#8221;][et_pb_column type=&#8221;4_4&#8243; _builder_version=&#8221;4.16&#8243; custom_padding=&#8221;|||&#8221; global_colors_info=&#8221;{}&#8221; custom_padding__hover=&#8221;|||&#8221;][et_pb_text admin_label=&#8221;Text&#8221; _builder_version=&#8221;4.19.5&#8243; background_size=&#8221;initial&#8221; background_position=&#8221;top_left&#8221; background_repeat=&#8221;repeat&#8221; hover_enabled=&#8221;0&#8243; global_colors_info=&#8221;{}&#8221; sticky_enabled=&#8221;0&#8243;] Jakob Huter und die Geschichte [&hellip;]<\/p>\n","protected":false},"author":1328,"featured_media":8769,"template":"","meta":{"_et_pb_use_builder":"","_et_pb_old_content":"","_et_gb_content_width":"","_tribe_events_status":"","_tribe_events_status_reason":"","_tribe_events_is_hybrid":"","_tribe_events_is_virtual":"","_tribe_events_virtual_video_source":"","_tribe_events_virtual_embed_video":"","_tribe_events_virtual_linked_button_text":"","_tribe_events_virtual_linked_button":"","_tribe_events_virtual_show_embed_at":"","_tribe_events_virtual_show_embed_to":[],"_tribe_events_virtual_show_on_event":"","_tribe_events_virtual_show_on_views":"","_tribe_events_virtual_url":"","footnotes":""},"tags":[],"tribe_events_cat":[42],"class_list":["post-9973","tribe_events","type-tribe_events","status-publish","has-post-thumbnail","hentry","tribe_events_cat-intern","cat_intern"],"_links":{"self":[{"href":"https:\/\/www.austriaguides.tirol\/en\/wp-json\/wp\/v2\/tribe_events\/9973","targetHints":{"allow":["GET"]}}],"collection":[{"href":"https:\/\/www.austriaguides.tirol\/en\/wp-json\/wp\/v2\/tribe_events"}],"about":[{"href":"https:\/\/www.austriaguides.tirol\/en\/wp-json\/wp\/v2\/types\/tribe_events"}],"author":[{"embeddable":true,"href":"https:\/\/www.austriaguides.tirol\/en\/wp-json\/wp\/v2\/users\/1328"}],"version-history":[{"count":0,"href":"https:\/\/www.austriaguides.tirol\/en\/wp-json\/wp\/v2\/tribe_events\/9973\/revisions"}],"wp:featuredmedia":[{"embeddable":true,"href":"https:\/\/www.austriaguides.tirol\/en\/wp-json\/wp\/v2\/media\/8769"}],"wp:attachment":[{"href":"https:\/\/www.austriaguides.tirol\/en\/wp-json\/wp\/v2\/media?parent=9973"}],"wp:term":[{"taxonomy":"post_tag","embeddable":true,"href":"https:\/\/www.austriaguides.tirol\/en\/wp-json\/wp\/v2\/tags?post=9973"},{"taxonomy":"tribe_events_cat","embeddable":true,"href":"https:\/\/www.austriaguides.tirol\/en\/wp-json\/wp\/v2\/tribe_events_cat?post=9973"}],"curies":[{"name":"wp","href":"https:\/\/api.w.org\/{rel}","templated":true}]}}

„Jakob Huter und die Geschichte der Täufer in Tirol“

<p>[et_pb_section fb_built=&#8221;1&#8243; admin_label=&#8221;section&#8221; _builder_version=&#8221;4.16&#8243; global_colors_info=&#8221;{}&#8221;][et_pb_row admin_label=&#8221;row&#8221; _builder_version=&#8221;4.19.5&#8243; background_size=&#8221;initial&#8221; background_position=&#8221;top_left&#8221; background_repeat=&#8221;repeat&#8221; width=&#8221;100%&#8221; global_colors_info=&#8221;{}&#8221;][et_pb_column type=&#8221;4_4&#8243; _builder_version=&#8221;4.16&#8243; custom_padding=&#8221;|||&#8221; global_colors_info=&#8221;{}&#8221; custom_padding__hover=&#8221;|||&#8221;][et_pb_text admin_label=&#8221;Text&#8221; _builder_version=&#8221;4.19.5&#8243; background_size=&#8221;initial&#8221; background_position=&#8221;top_left&#8221; background_repeat=&#8221;repeat&#8221; hover_enabled=&#8221;0&#8243; global_colors_info=&#8221;{}&#8221; sticky_enabled=&#8221;0&#8243;]</p>
<p><strong>Jakob Huter und die Geschichte der Täufer in Tiro</strong><strong>l </strong></p>
<p>Im Mittelpunkt des Vortrages stehen Jakob Huter, der bedeutendste Vorsteher der Täufer, der als Märtyrer für seinen Glauben am 25. Februar 1536 am Platz vor dem Goldenen Dachl am Scheiterhaufen starb und die Geschichte der Täuferbewegung mit besonderem Bezug zu Tirol. Es werden die Gedenkstätten in Nord- und Südtirol gezeigt und erklärt. Eventuell sind auch weitere Mitglieder des Hutterer Arbeitskreises anwesend und es besteht die Chance eines Gedankenaustausches bzw. die Möglichkeit, sich über die Lebensweise der Hutter heute in Kanada zu informieren.</p>
<p>Es sind im Rahmen der Fortbildung zum Thema &#8220;Hutterer&#8221; im Lauf des Jahres zwei weitere Veranstaltungen geplant. Eine Führung durch Innsbruck zu den verschiedenen Gedenkstätten und eine Veranstaltung im Tiroler Landesarchiv mit Originaldokumenten. Details dazu werden rechtzeitig bekannt gegeben.</p>
<p><strong>Titel: </strong><strong>Jakob Huter und die Geschichte der Täufer in Tirol</strong></p>
<p><strong>Termin:</strong> 9.3.2026 um 15:30 &#8211; 17:00<br />
<strong>Treffpunkt:</strong> 15:20 im Raum MZG01 der Wirtschaftskammer Tirol, <span class="LrzXr">Wilhelm-Greil-Straße 7, 6020 Innsbruck. Zugang von der Meinhardstraße, nach dem Eingang rechts durch die Glastür im 1. Zwischengeschoß</span><br />
<strong>ReferentInnen:</strong> Dr. Karola Czernohaus<br />
<strong>Dauer:</strong> ca. 1,5 Stunde<br />
<strong>Max. TeilnehmerInnenzahl:</strong> max. 30 Personen<br />
<strong>Anmeldeschluss: </strong>8.3.2026 um 12:00 Uhr</p>
<div id="attachment_8777" style="width: 130px" class="wp-caption alignnone"><img loading="lazy" decoding="async" aria-describedby="caption-attachment-8777" class="size-full wp-image-8777" src="https://www.austriaguides.tirol/wp-content/uploads/2024/04/image001.jpg" alt="" width="120" height="144" /><p id="caption-attachment-8777" class="wp-caption-text">Bild: Hutterer Arbeitskreis</p></div>
<div id="attachment_8773" style="width: 310px" class="wp-caption alignnone"><img loading="lazy" decoding="async" aria-describedby="caption-attachment-8773" class="size-medium wp-image-8773" src="https://www.austriaguides.tirol/wp-content/uploads/2024/04/IMAG1623-300x168.jpg" alt="" width="300" height="168" /><p id="caption-attachment-8773" class="wp-caption-text">Bild: Dr. Edi Geisler</p></div>
<p>[/et_pb_text][/et_pb_column][/et_pb_row][/et_pb_section]</p>
