{"id":9035,"date":"2024-12-13T22:01:19","date_gmt":"2024-12-13T21:01:19","guid":{"rendered":"https:\/\/www.austriaguides.tirol\/?post_type=tribe_events&#038;p=9035"},"modified":"2024-12-13T22:04:39","modified_gmt":"2024-12-13T21:04:39","slug":"aut-architektur-und-tirol-die-ausstellung-neues-bauen-in-tirol-u-a","status":"publish","type":"tribe_events","link":"https:\/\/www.austriaguides.tirol\/en\/veranstaltung\/aut-architektur-und-tirol-die-ausstellung-neues-bauen-in-tirol-u-a\/","title":{"rendered":"\u201eaut. architektur und tirol &#8211; die Ausstellungen `Neues Bauen in Tirol` und `steine zwischen den fronten` \u201c"},"content":{"rendered":"<p>[et_pb_section fb_built=&#8221;1&#8243; admin_label=&#8221;section&#8221; _builder_version=&#8221;4.16&#8243; global_colors_info=&#8221;{}&#8221;][et_pb_row admin_label=&#8221;row&#8221; _builder_version=&#8221;4.19.5&#8243; background_size=&#8221;initial&#8221; background_position=&#8221;top_left&#8221; background_repeat=&#8221;repeat&#8221; width=&#8221;100%&#8221; global_colors_info=&#8221;{}&#8221;][et_pb_column type=&#8221;4_4&#8243; _builder_version=&#8221;4.16&#8243; custom_padding=&#8221;|||&#8221; global_colors_info=&#8221;{}&#8221; custom_padding__hover=&#8221;|||&#8221;][et_pb_text admin_label=&#8221;Text&#8221; _builder_version=&#8221;4.19.5&#8243; background_size=&#8221;initial&#8221; background_position=&#8221;top_left&#8221; background_repeat=&#8221;repeat&#8221; hover_enabled=&#8221;0&#8243; global_colors_info=&#8221;{}&#8221; sticky_enabled=&#8221;0&#8243;]<\/p>\n<p><strong><em>F\u00fchrung durch das ehemalige Adambr\u00e4u, heute &#8220;aut&#8221; und die laufenden Ausstellungen<br \/>\n<\/em><\/strong><\/p>\n<p>Der 1993 auf Initiative engagierter Architekten gegr\u00fcndete, unabh\u00e4ngige Verein hat es sich zum Ziel gesetzt, die Auseinandersetzung mit den vielf\u00e4ltigen Aspekten von Architektur zu f\u00f6rdern und die Diskussion \u00fcber eine qualit\u00e4tsvolle Gestaltung unseres Lebensraumes anzuregen. Im Sudhaus der ehemaligen Adambr\u00e4u Brauerei\u00a0 finden neben Ausstellungen verschiedenste Veranstaltungen zu zeitgen\u00f6ssischer Architektur, Kunst und Design statt.<\/p>\n<p>Alle zwei Jahre zeichnet das Land Tirol gemeinsam mit der Kammer der Zivil\u00adtechniker:innen | Arch+Ing Tirol und Vorarlberg \u2013 Sektion Architekt:innen, der ZV\u2009\u2013\u2009Zentralvereinigung der Architekt:innen \u00d6sterreichs, Landesverband Tirol und <strong>aut. architektur und tirol <\/strong>vorbildliche Bauten in Tirol aus. 60 Projekten wurden eingereicht, Sieben Auszeichnungen und zwei Anerkennungen wurden vergeben, und diese werden in der Ausstellung &#8220;<strong>neues bauen in tirol 2024<\/strong>&#8221; pr\u00e4sentiert.<\/p>\n<p>Die zweite derzeit laufende Ausstellung widmet sich dem Thema Erinnerungskultur unter dem Titel &#8220;<strong>steine zwischen den fronten. antifaschistische denkm\u00e4ler im ehemaligen jugoslawien<\/strong>&#8220;.<\/p>\n<p>Wer sich vorab mit dem Verein oder den gegenw\u00e4rtigen Ausstellungen besch\u00e4ftigen will sei auf die homepage des Vereins verwiesen. https:\/\/aut.cc\/<\/p>\n<p>Der <strong>Leiter des aut. architektur und tirol Hr. Arno Ritter<\/strong> wird uns die Geschichte des Geb\u00e4udes und der Brauerei n\u00e4herbringen, er wird \u00fcber die Ziele und Zwecke des Vereins &#8220;aut&#8221; sprechen und uns dann durch das Geb\u00e4ude begleiten. Im Anschluss wird er kurz \u00fcber das Thema &#8220;Was bedeutet Architektur auszustellen&#8221; referieren und uns dann durch die Ausstellungen f\u00fchren. Abschlie\u00dfend haben wir Zeit uns eingehender mit den Ausstellungen zu besch\u00e4ftigen und bei einem gem\u00fctlichen Glas noch Fragen zu stellen bzw. in offener Weise zu diskutieren.<\/p>\n<p>Die F\u00fchrung ist kostenlos, aber der Verein aut. architektur und tirol freut sich \u00fcber Spenden in die Spendenbox um das Kulturgeschehen zu unterst\u00fctzen.<\/p>\n<p><strong>Titel: Das ehemalige Adambr\u00e4u, der Verein aut. architektur und tirol und die laufenden Ausstellungen<br \/>\n<\/strong><\/p>\n<p><strong>Termin:<\/strong> 9.1.2025 um 16:00 &#8211; 18:00<br \/>\n<strong>Treffpunkt:<\/strong> Im ehemaligen Adambr\u00e4u, Lois Welzenbacher Platz 1, Innsbruck um 15:50<br \/>\n<strong>Referent: <\/strong>Arno Ritter, Leiter des aut. architektur und tirol<br \/>\n<strong>Dauer:<\/strong> ca. 2 Stunden<br \/>\n<strong>Max. TeilnehmerInnenzahl:<\/strong> max. 20 Personen. Ausschlie\u00dflich f\u00fcr TaT Mitglieder.<br \/>\n<strong>Anmeldeschluss: <\/strong>8.1.2025 um 12:00 Uhr<\/p>\n<p><img loading=\"lazy\" decoding=\"async\" class=\"alignnone size-medium wp-image-9040\" src=\"https:\/\/www.austriaguides.tirol\/wp-content\/uploads\/2024\/12\/Siegerprojekte-2024-von-David-Schreyer-Edith-Schlocker-Lukas-Schaller-Nicolas-Hafele-Kurt-Hoerbst-Arno-Ritter-300x192.jpeg\" alt=\"\" width=\"300\" height=\"192\" srcset=\"https:\/\/www.austriaguides.tirol\/wp-content\/uploads\/2024\/12\/Siegerprojekte-2024-von-David-Schreyer-Edith-Schlocker-Lukas-Schaller-Nicolas-Hafele-Kurt-Hoerbst-Arno-Ritter-300x192.jpeg 300w, https:\/\/www.austriaguides.tirol\/wp-content\/uploads\/2024\/12\/Siegerprojekte-2024-von-David-Schreyer-Edith-Schlocker-Lukas-Schaller-Nicolas-Hafele-Kurt-Hoerbst-Arno-Ritter.jpeg 400w\" sizes=\"(max-width: 300px) 100vw, 300px\" \/> <img loading=\"lazy\" decoding=\"async\" class=\"alignnone size-medium wp-image-9044\" src=\"https:\/\/www.austriaguides.tirol\/wp-content\/uploads\/2024\/12\/Steine-zw-den-Fronten-von-Guenter-Richard-300x218.jpeg\" alt=\"\" width=\"300\" height=\"218\" srcset=\"https:\/\/www.austriaguides.tirol\/wp-content\/uploads\/2024\/12\/Steine-zw-den-Fronten-von-Guenter-Richard-300x218.jpeg 300w, https:\/\/www.austriaguides.tirol\/wp-content\/uploads\/2024\/12\/Steine-zw-den-Fronten-von-Guenter-Richard.jpeg 400w\" sizes=\"(max-width: 300px) 100vw, 300px\" \/><\/p>\n<p>Bild 1 copyright David Schreyer, Edith Schlocker, Lukas Schaller, Nicolas Hafele, Kurt H\u00f6rbst, Arno Ritter<\/p>\n<p>Bild 2 copyright G\u00fcnter Richard<\/p>\n<p>[\/et_pb_text][\/et_pb_column][\/et_pb_row][\/et_pb_section]<\/p>\n","protected":false},"excerpt":{"rendered":"<p>[et_pb_section fb_built=&#8221;1&#8243; admin_label=&#8221;section&#8221; _builder_version=&#8221;4.16&#8243; global_colors_info=&#8221;{}&#8221;][et_pb_row admin_label=&#8221;row&#8221; _builder_version=&#8221;4.19.5&#8243; background_size=&#8221;initial&#8221; background_position=&#8221;top_left&#8221; background_repeat=&#8221;repeat&#8221; width=&#8221;100%&#8221; global_colors_info=&#8221;{}&#8221;][et_pb_column type=&#8221;4_4&#8243; _builder_version=&#8221;4.16&#8243; custom_padding=&#8221;|||&#8221; global_colors_info=&#8221;{}&#8221; custom_padding__hover=&#8221;|||&#8221;][et_pb_text admin_label=&#8221;Text&#8221; _builder_version=&#8221;4.19.5&#8243; background_size=&#8221;initial&#8221; background_position=&#8221;top_left&#8221; background_repeat=&#8221;repeat&#8221; hover_enabled=&#8221;0&#8243; global_colors_info=&#8221;{}&#8221; sticky_enabled=&#8221;0&#8243;] F\u00fchrung durch das ehemalige Adambr\u00e4u, [&hellip;]<\/p>\n","protected":false},"author":1328,"featured_media":9036,"template":"","meta":{"_et_pb_use_builder":"","_et_pb_old_content":"","_et_gb_content_width":"","_tribe_events_status":"","_tribe_events_status_reason":"","_tribe_events_is_hybrid":"","_tribe_events_is_virtual":"","_tribe_events_virtual_video_source":"","_tribe_events_virtual_embed_video":"","_tribe_events_virtual_linked_button_text":"","_tribe_events_virtual_linked_button":"","_tribe_events_virtual_show_embed_at":"","_tribe_events_virtual_show_embed_to":[],"_tribe_events_virtual_show_on_event":"","_tribe_events_virtual_show_on_views":"","_tribe_events_virtual_url":"","footnotes":""},"tags":[],"tribe_events_cat":[42],"class_list":["post-9035","tribe_events","type-tribe_events","status-publish","has-post-thumbnail","hentry","tribe_events_cat-intern","cat_intern"],"_links":{"self":[{"href":"https:\/\/www.austriaguides.tirol\/en\/wp-json\/wp\/v2\/tribe_events\/9035","targetHints":{"allow":["GET"]}}],"collection":[{"href":"https:\/\/www.austriaguides.tirol\/en\/wp-json\/wp\/v2\/tribe_events"}],"about":[{"href":"https:\/\/www.austriaguides.tirol\/en\/wp-json\/wp\/v2\/types\/tribe_events"}],"author":[{"embeddable":true,"href":"https:\/\/www.austriaguides.tirol\/en\/wp-json\/wp\/v2\/users\/1328"}],"version-history":[{"count":0,"href":"https:\/\/www.austriaguides.tirol\/en\/wp-json\/wp\/v2\/tribe_events\/9035\/revisions"}],"wp:featuredmedia":[{"embeddable":true,"href":"https:\/\/www.austriaguides.tirol\/en\/wp-json\/wp\/v2\/media\/9036"}],"wp:attachment":[{"href":"https:\/\/www.austriaguides.tirol\/en\/wp-json\/wp\/v2\/media?parent=9035"}],"wp:term":[{"taxonomy":"post_tag","embeddable":true,"href":"https:\/\/www.austriaguides.tirol\/en\/wp-json\/wp\/v2\/tags?post=9035"},{"taxonomy":"tribe_events_cat","embeddable":true,"href":"https:\/\/www.austriaguides.tirol\/en\/wp-json\/wp\/v2\/tribe_events_cat?post=9035"}],"curies":[{"name":"wp","href":"https:\/\/api.w.org\/{rel}","templated":true}]}}

<p>[et_pb_section fb_built=&#8221;1&#8243; admin_label=&#8221;section&#8221; _builder_version=&#8221;4.16&#8243; global_colors_info=&#8221;{}&#8221;][et_pb_row admin_label=&#8221;row&#8221; _builder_version=&#8221;4.19.5&#8243; background_size=&#8221;initial&#8221; background_position=&#8221;top_left&#8221; background_repeat=&#8221;repeat&#8221; width=&#8221;100%&#8221; global_colors_info=&#8221;{}&#8221;][et_pb_column type=&#8221;4_4&#8243; _builder_version=&#8221;4.16&#8243; custom_padding=&#8221;|||&#8221; global_colors_info=&#8221;{}&#8221; custom_padding__hover=&#8221;|||&#8221;][et_pb_text admin_label=&#8221;Text&#8221; _builder_version=&#8221;4.19.5&#8243; background_size=&#8221;initial&#8221; background_position=&#8221;top_left&#8221; background_repeat=&#8221;repeat&#8221; hover_enabled=&#8221;0&#8243; global_colors_info=&#8221;{}&#8221; sticky_enabled=&#8221;0&#8243;]</p>
<p><strong><em>Führung durch das ehemalige Adambräu, heute &#8220;aut&#8221; und die laufenden Ausstellungen<br />
</em></strong></p>
<p>Der 1993 auf Initiative engagierter Architekten gegründete, unabhängige Verein hat es sich zum Ziel gesetzt, die Auseinandersetzung mit den vielfältigen Aspekten von Architektur zu fördern und die Diskussion über eine qualitätsvolle Gestaltung unseres Lebensraumes anzuregen. Im Sudhaus der ehemaligen Adambräu Brauerei  finden neben Ausstellungen verschiedenste Veranstaltungen zu zeitgenössischer Architektur, Kunst und Design statt.</p>
<p>Alle zwei Jahre zeichnet das Land Tirol gemeinsam mit der Kammer der Zivil­techniker:innen | Arch+Ing Tirol und Vorarlberg – Sektion Architekt:innen, der ZV – Zentralvereinigung der Architekt:innen Österreichs, Landesverband Tirol und <strong>aut. architektur und tirol </strong>vorbildliche Bauten in Tirol aus. 60 Projekten wurden eingereicht, Sieben Auszeichnungen und zwei Anerkennungen wurden vergeben, und diese werden in der Ausstellung &#8220;<strong>neues bauen in tirol 2024</strong>&#8221; präsentiert.</p>
<p>Die zweite derzeit laufende Ausstellung widmet sich dem Thema Erinnerungskultur unter dem Titel &#8220;<strong>steine zwischen den fronten. antifaschistische denkmäler im ehemaligen jugoslawien</strong>&#8220;.</p>
<p>Wer sich vorab mit dem Verein oder den gegenwärtigen Ausstellungen beschäftigen will sei auf die homepage des Vereins verwiesen. https://aut.cc/</p>
<p>Der <strong>Leiter des aut. architektur und tirol Hr. Arno Ritter</strong> wird uns die Geschichte des Gebäudes und der Brauerei näherbringen, er wird über die Ziele und Zwecke des Vereins &#8220;aut&#8221; sprechen und uns dann durch das Gebäude begleiten. Im Anschluss wird er kurz über das Thema &#8220;Was bedeutet Architektur auszustellen&#8221; referieren und uns dann durch die Ausstellungen führen. Abschließend haben wir Zeit uns eingehender mit den Ausstellungen zu beschäftigen und bei einem gemütlichen Glas noch Fragen zu stellen bzw. in offener Weise zu diskutieren.</p>
<p>Die Führung ist kostenlos, aber der Verein aut. architektur und tirol freut sich über Spenden in die Spendenbox um das Kulturgeschehen zu unterstützen.</p>
<p><strong>Titel: Das ehemalige Adambräu, der Verein aut. architektur und tirol und die laufenden Ausstellungen<br />
</strong></p>
<p><strong>Termin:</strong> 9.1.2025 um 16:00 &#8211; 18:00<br />
<strong>Treffpunkt:</strong> Im ehemaligen Adambräu, Lois Welzenbacher Platz 1, Innsbruck um 15:50<br />
<strong>Referent: </strong>Arno Ritter, Leiter des aut. architektur und tirol<br />
<strong>Dauer:</strong> ca. 2 Stunden<br />
<strong>Max. TeilnehmerInnenzahl:</strong> max. 20 Personen. Ausschließlich für TaT Mitglieder.<br />
<strong>Anmeldeschluss: </strong>8.1.2025 um 12:00 Uhr</p>
<p><img loading="lazy" decoding="async" class="alignnone size-medium wp-image-9040" src="https://www.austriaguides.tirol/wp-content/uploads/2024/12/Siegerprojekte-2024-von-David-Schreyer-Edith-Schlocker-Lukas-Schaller-Nicolas-Hafele-Kurt-Hoerbst-Arno-Ritter-300x192.jpeg" alt="" width="300" height="192" srcset="https://www.austriaguides.tirol/wp-content/uploads/2024/12/Siegerprojekte-2024-von-David-Schreyer-Edith-Schlocker-Lukas-Schaller-Nicolas-Hafele-Kurt-Hoerbst-Arno-Ritter-300x192.jpeg 300w, https://www.austriaguides.tirol/wp-content/uploads/2024/12/Siegerprojekte-2024-von-David-Schreyer-Edith-Schlocker-Lukas-Schaller-Nicolas-Hafele-Kurt-Hoerbst-Arno-Ritter.jpeg 400w" sizes="(max-width: 300px) 100vw, 300px" /> <img loading="lazy" decoding="async" class="alignnone size-medium wp-image-9044" src="https://www.austriaguides.tirol/wp-content/uploads/2024/12/Steine-zw-den-Fronten-von-Guenter-Richard-300x218.jpeg" alt="" width="300" height="218" srcset="https://www.austriaguides.tirol/wp-content/uploads/2024/12/Steine-zw-den-Fronten-von-Guenter-Richard-300x218.jpeg 300w, https://www.austriaguides.tirol/wp-content/uploads/2024/12/Steine-zw-den-Fronten-von-Guenter-Richard.jpeg 400w" sizes="(max-width: 300px) 100vw, 300px" /></p>
<p>Bild 1 copyright David Schreyer, Edith Schlocker, Lukas Schaller, Nicolas Hafele, Kurt Hörbst, Arno Ritter</p>
<p>Bild 2 copyright Günter Richard</p>
<p>[/et_pb_text][/et_pb_column][/et_pb_row][/et_pb_section]</p>

<p>[et_pb_section fb_built=&#8221;1&#8243; admin_label=&#8221;section&#8221; _builder_version=&#8221;4.16&#8243; global_colors_info=&#8221;{}&#8221;][et_pb_row admin_label=&#8221;row&#8221; _builder_version=&#8221;4.19.5&#8243; background_size=&#8221;initial&#8221; background_position=&#8221;top_left&#8221; background_repeat=&#8221;repeat&#8221; width=&#8221;100%&#8221; global_colors_info=&#8221;{}&#8221;][et_pb_column type=&#8221;4_4&#8243; _builder_version=&#8221;4.16&#8243; custom_padding=&#8221;|||&#8221; global_colors_info=&#8221;{}&#8221; custom_padding__hover=&#8221;|||&#8221;][et_pb_text admin_label=&#8221;Text&#8221; _builder_version=&#8221;4.19.5&#8243; background_size=&#8221;initial&#8221; background_position=&#8221;top_left&#8221; background_repeat=&#8221;repeat&#8221; hover_enabled=&#8221;0&#8243; global_colors_info=&#8221;{}&#8221; sticky_enabled=&#8221;0&#8243;] Führung durch das ehemalige Adambräu, [&hellip;]</p>
